{"id":1595,"date":"2023-05-23T18:50:19","date_gmt":"2023-05-23T18:50:19","guid":{"rendered":"https:\/\/lojaopening.com.br\/shopp\/?post_type=product&#038;p=1595"},"modified":"2023-05-27T20:06:39","modified_gmt":"2023-05-27T20:06:39","slug":"rolo-fita-filtro-saida-de-ar-500-microns-resistencia-do-ar-baixa","status":"publish","type":"product","link":"https:\/\/lojaopening.com.br\/shopp\/produto\/rolo-fita-filtro-saida-de-ar-500-microns-resistencia-do-ar-baixa\/","title":{"rendered":"Rolo Fita Filtro Sa\u00edda de Ar 500 M\u00edcrons Resist\u00eancia Do Ar Baixa"},"content":{"rendered":"<h1>Filtro Sa\u00edda de Ar PTFE 50mm 0.45\u00b5m com 10<\/h1>\n<p>O Filtro de Sa\u00edda de Ar PTFE \u00e9 um dispositivo descart\u00e1vel projetado para remo\u00e7\u00e3o de part\u00edculas do ar e g\u00e1s em aplica\u00e7\u00f5es de filtragem incr\u00edtica. Composto por uma caixa de polipropileno, \u00e9 f\u00e1cil de ser encaixado em ambos os niples laterais. Sua estrutura c\u00f4nica e ranhurada no bocal facilita a ader\u00eancia extra do tubo de mangueira. Dispon\u00edvel nas op\u00e7\u00f5es de 0,45\u00b5m e 0,22\u00b5m, possui uma membrana selada termicamente ao corpo da carca\u00e7a.<\/p>\n<p><strong>Aplica\u00e7\u00f5es:<\/strong><\/p>\n<ul>\n<li>Ventila\u00e7\u00e3o e desgaseifica\u00e7\u00e3o em biorreatores e sistemas parenterais de pequeno volume.<\/li>\n<li>Fornecimento de ar limpo para tanques de fermenta\u00e7\u00e3o.<\/li>\n<li>Garantia de ar est\u00e9ril e limpo para solventes, reagentes e processos de secagem.<\/li>\n<\/ul>\n<h2>Informa\u00e7\u00f5es adicionais:<\/h2>\n<ul>\n<li><b>Di\u00e2metro (mm): <\/b>50<\/li>\n<li><b>Tamanho do Poro (\u00b5m):<\/b>0.45<\/li>\n<li><b>Quantidade no Pacote:<\/b>10<\/li>\n<li><b>Membrana:<\/b>PTFE<\/li>\n<li><b>Carca\u00e7a:<\/b>Polipropileno<\/li>\n<li><strong>Esteriliza\u00e7\u00e3o:<\/strong>Irradia\u00e7\u00e3o<\/li>\n<li><strong>Press\u00e3o de opera\u00e7\u00e3o:<\/strong>2kg<\/li>\n<li><strong>Efici\u00eancia de reten\u00e7\u00e3o:<\/strong>10\u2077 org\/Cm\u00b2<\/li>\n<\/ul>\n<p>*Consulte-nos para outros di\u00e2metros<\/p>\n","protected":false},"excerpt":{"rendered":"<p>Filtro Sa\u00edda de Ar PTFE 50mm 0.45\u00b5m com 10 O Filtro de Sa\u00edda de Ar PTFE \u00e9 um dispositivo descart\u00e1vel&hellip;<\/p>\n","protected":false},"featured_media":1545,"template":"","meta":[],"product_brand":[],"product_cat":[45,716],"product_tag":[],"class_list":{"0":"post-1595","1":"product","2":"type-product","3":"status-publish","4":"has-post-thumbnail","6":"product_cat-laboratorio-industrial-cientifico","7":"product_cat-mmp","9":"first","10":"onbackorder","11":"shipping-taxable","12":"product-type-simple"},"yoast_head":"<!-- This site is optimized with the Yoast SEO plugin v27.2 - https:\/\/yoast.com\/product\/yoast-seo-wordpress\/ -->\n<title>Filtro Sa\u00edda de Ar PTFE 50mm 0.45\u00b5m com 10<\/title>\n<meta name=\"description\" content=\"O Filtro de Sa\u00edda de Ar PTFE 50mm 0.45\u00b5m \u00e9 um dispositivo descart\u00e1vel projetado para remo\u00e7\u00e3o de part\u00edculas do ar e g\u00e1s em aplica\u00e7\u00f5es de filtragem incr\u00edtica.\" \/>\n<meta name=\"robots\" content=\"index, follow, max-snippet:-1, max-image-preview:large, max-video-preview:-1\" \/>\n<link rel=\"canonical\" href=\"https:\/\/lojaopening.com.br\/shopp\/produto\/rolo-fita-filtro-saida-de-ar-500-microns-resistencia-do-ar-baixa\/\" \/>\n<meta property=\"og:locale\" content=\"pt_PT\" \/>\n<meta property=\"og:type\" content=\"article\" \/>\n<meta property=\"og:title\" content=\"Filtro Sa\u00edda de Ar PTFE 50mm 0.45\u00b5m com 10\" \/>\n<meta property=\"og:description\" content=\"O Filtro de Sa\u00edda de Ar PTFE 50mm 0.45\u00b5m \u00e9 um dispositivo descart\u00e1vel projetado para remo\u00e7\u00e3o de part\u00edculas do ar e g\u00e1s em aplica\u00e7\u00f5es de filtragem incr\u00edtica.\" \/>\n<meta property=\"og:url\" content=\"https:\/\/lojaopening.com.br\/shopp\/produto\/rolo-fita-filtro-saida-de-ar-500-microns-resistencia-do-ar-baixa\/\" \/>\n<meta property=\"og:site_name\" content=\"Loja Opening\" \/>\n<meta property=\"article:modified_time\" content=\"2023-05-27T20:06:39+00:00\" \/>\n<meta property=\"og:image\" content=\"https:\/\/lojaopening.com.br\/wp-content\/uploads\/2023\/05\/filtro-saida-de-ar-ptfe.png\" \/>\n\t<meta property=\"og:image:width\" content=\"510\" \/>\n\t<meta property=\"og:image:height\" content=\"498\" \/>\n\t<meta property=\"og:image:type\" content=\"image\/png\" \/>\n<meta name=\"twitter:card\" content=\"summary_large_image\" \/>\n<meta name=\"twitter:label1\" content=\"Tempo estimado de leitura\" \/>\n\t<meta name=\"twitter:data1\" content=\"1 minuto\" \/>\n<script type=\"application\/ld+json\" class=\"yoast-schema-graph\">{\"@context\":\"https:\/\/schema.org\",\"@graph\":[{\"@type\":\"WebPage\",\"@id\":\"https:\/\/lojaopening.com.br\/shopp\/produto\/rolo-fita-filtro-saida-de-ar-500-microns-resistencia-do-ar-baixa\/\",\"url\":\"https:\/\/lojaopening.com.br\/shopp\/produto\/rolo-fita-filtro-saida-de-ar-500-microns-resistencia-do-ar-baixa\/\",\"name\":\"Filtro Sa\u00edda de Ar PTFE 50mm 0.45\u00b5m com 10\",\"isPartOf\":{\"@id\":\"https:\/\/lojaopening.com.br\/shopp\/#website\"},\"primaryImageOfPage\":{\"@id\":\"https:\/\/lojaopening.com.br\/shopp\/produto\/rolo-fita-filtro-saida-de-ar-500-microns-resistencia-do-ar-baixa\/#primaryimage\"},\"image\":{\"@id\":\"https:\/\/lojaopening.com.br\/shopp\/produto\/rolo-fita-filtro-saida-de-ar-500-microns-resistencia-do-ar-baixa\/#primaryimage\"},\"thumbnailUrl\":\"https:\/\/lojaopening.com.br\/wp-content\/uploads\/2023\/05\/filtro-saida-de-ar-ptfe.png\",\"datePublished\":\"2023-05-23T18:50:19+00:00\",\"dateModified\":\"2023-05-27T20:06:39+00:00\",\"description\":\"O Filtro de Sa\u00edda de Ar PTFE 50mm 0.45\u00b5m \u00e9 um dispositivo descart\u00e1vel projetado para remo\u00e7\u00e3o de part\u00edculas do ar e g\u00e1s em aplica\u00e7\u00f5es de filtragem incr\u00edtica.\",\"breadcrumb\":{\"@id\":\"https:\/\/lojaopening.com.br\/shopp\/produto\/rolo-fita-filtro-saida-de-ar-500-microns-resistencia-do-ar-baixa\/#breadcrumb\"},\"inLanguage\":\"pt-PT\",\"potentialAction\":[{\"@type\":\"ReadAction\",\"target\":[\"https:\/\/lojaopening.com.br\/shopp\/produto\/rolo-fita-filtro-saida-de-ar-500-microns-resistencia-do-ar-baixa\/\"]}]},{\"@type\":\"ImageObject\",\"inLanguage\":\"pt-PT\",\"@id\":\"https:\/\/lojaopening.com.br\/shopp\/produto\/rolo-fita-filtro-saida-de-ar-500-microns-resistencia-do-ar-baixa\/#primaryimage\",\"url\":\"https:\/\/lojaopening.com.br\/wp-content\/uploads\/2023\/05\/filtro-saida-de-ar-ptfe.png\",\"contentUrl\":\"https:\/\/lojaopening.com.br\/wp-content\/uploads\/2023\/05\/filtro-saida-de-ar-ptfe.png\",\"width\":510,\"height\":498},{\"@type\":\"BreadcrumbList\",\"@id\":\"https:\/\/lojaopening.com.br\/shopp\/produto\/rolo-fita-filtro-saida-de-ar-500-microns-resistencia-do-ar-baixa\/#breadcrumb\",\"itemListElement\":[{\"@type\":\"ListItem\",\"position\":1,\"name\":\"In\u00edcio\",\"item\":\"https:\/\/lojaopening.com.br\/shopp\/\"},{\"@type\":\"ListItem\",\"position\":2,\"name\":\"Shop\",\"item\":\"https:\/\/lojaopening.com.br\/shopp\/shopp\/\"},{\"@type\":\"ListItem\",\"position\":3,\"name\":\"Rolo Fita Filtro Sa\u00edda de Ar 500 M\u00edcrons Resist\u00eancia Do Ar Baixa\"}]},{\"@type\":\"WebSite\",\"@id\":\"https:\/\/lojaopening.com.br\/shopp\/#website\",\"url\":\"https:\/\/lojaopening.com.br\/shopp\/\",\"name\":\"Loja Opening\",\"description\":\"\",\"publisher\":{\"@id\":\"https:\/\/lojaopening.com.br\/shopp\/#organization\"},\"potentialAction\":[{\"@type\":\"SearchAction\",\"target\":{\"@type\":\"EntryPoint\",\"urlTemplate\":\"https:\/\/lojaopening.com.br\/shopp\/?s={search_term_string}\"},\"query-input\":{\"@type\":\"PropertyValueSpecification\",\"valueRequired\":true,\"valueName\":\"search_term_string\"}}],\"inLanguage\":\"pt-PT\"},{\"@type\":\"Organization\",\"@id\":\"https:\/\/lojaopening.com.br\/shopp\/#organization\",\"name\":\"Opening World Coml Import Export Ltda\",\"url\":\"https:\/\/lojaopening.com.br\/shopp\/\",\"logo\":{\"@type\":\"ImageObject\",\"inLanguage\":\"pt-PT\",\"@id\":\"https:\/\/lojaopening.com.br\/shopp\/#\/schema\/logo\/image\/\",\"url\":\"https:\/\/lojaopening.com.br\/wp-content\/uploads\/2020\/09\/logo_header.png\",\"contentUrl\":\"https:\/\/lojaopening.com.br\/wp-content\/uploads\/2020\/09\/logo_header.png\",\"width\":1279,\"height\":328,\"caption\":\"Opening World Coml Import Export Ltda\"},\"image\":{\"@id\":\"https:\/\/lojaopening.com.br\/shopp\/#\/schema\/logo\/image\/\"}}]}<\/script>\n<!-- \/ Yoast SEO plugin. -->","yoast_head_json":{"title":"Filtro Sa\u00edda de Ar PTFE 50mm 0.45\u00b5m com 10","description":"O Filtro de Sa\u00edda de Ar PTFE 50mm 0.45\u00b5m \u00e9 um dispositivo descart\u00e1vel projetado para remo\u00e7\u00e3o de part\u00edculas do ar e g\u00e1s em aplica\u00e7\u00f5es de filtragem incr\u00edtica.","robots":{"index":"index","follow":"follow","max-snippet":"max-snippet:-1","max-image-preview":"max-image-preview:large","max-video-preview":"max-video-preview:-1"},"canonical":"https:\/\/lojaopening.com.br\/shopp\/produto\/rolo-fita-filtro-saida-de-ar-500-microns-resistencia-do-ar-baixa\/","og_locale":"pt_PT","og_type":"article","og_title":"Filtro Sa\u00edda de Ar PTFE 50mm 0.45\u00b5m com 10","og_description":"O Filtro de Sa\u00edda de Ar PTFE 50mm 0.45\u00b5m \u00e9 um dispositivo descart\u00e1vel projetado para remo\u00e7\u00e3o de part\u00edculas do ar e g\u00e1s em aplica\u00e7\u00f5es de filtragem incr\u00edtica.","og_url":"https:\/\/lojaopening.com.br\/shopp\/produto\/rolo-fita-filtro-saida-de-ar-500-microns-resistencia-do-ar-baixa\/","og_site_name":"Loja Opening","article_modified_time":"2023-05-27T20:06:39+00:00","og_image":[{"width":510,"height":498,"url":"https:\/\/lojaopening.com.br\/wp-content\/uploads\/2023\/05\/filtro-saida-de-ar-ptfe.png","type":"image\/png"}],"twitter_card":"summary_large_image","twitter_misc":{"Tempo estimado de leitura":"1 minuto"},"schema":{"@context":"https:\/\/schema.org","@graph":[{"@type":"WebPage","@id":"https:\/\/lojaopening.com.br\/shopp\/produto\/rolo-fita-filtro-saida-de-ar-500-microns-resistencia-do-ar-baixa\/","url":"https:\/\/lojaopening.com.br\/shopp\/produto\/rolo-fita-filtro-saida-de-ar-500-microns-resistencia-do-ar-baixa\/","name":"Filtro Sa\u00edda de Ar PTFE 50mm 0.45\u00b5m com 10","isPartOf":{"@id":"https:\/\/lojaopening.com.br\/shopp\/#website"},"primaryImageOfPage":{"@id":"https:\/\/lojaopening.com.br\/shopp\/produto\/rolo-fita-filtro-saida-de-ar-500-microns-resistencia-do-ar-baixa\/#primaryimage"},"image":{"@id":"https:\/\/lojaopening.com.br\/shopp\/produto\/rolo-fita-filtro-saida-de-ar-500-microns-resistencia-do-ar-baixa\/#primaryimage"},"thumbnailUrl":"https:\/\/lojaopening.com.br\/wp-content\/uploads\/2023\/05\/filtro-saida-de-ar-ptfe.png","datePublished":"2023-05-23T18:50:19+00:00","dateModified":"2023-05-27T20:06:39+00:00","description":"O Filtro de Sa\u00edda de Ar PTFE 50mm 0.45\u00b5m \u00e9 um dispositivo descart\u00e1vel projetado para remo\u00e7\u00e3o de part\u00edculas do ar e g\u00e1s em aplica\u00e7\u00f5es de filtragem incr\u00edtica.","breadcrumb":{"@id":"https:\/\/lojaopening.com.br\/shopp\/produto\/rolo-fita-filtro-saida-de-ar-500-microns-resistencia-do-ar-baixa\/#breadcrumb"},"inLanguage":"pt-PT","potentialAction":[{"@type":"ReadAction","target":["https:\/\/lojaopening.com.br\/shopp\/produto\/rolo-fita-filtro-saida-de-ar-500-microns-resistencia-do-ar-baixa\/"]}]},{"@type":"ImageObject","inLanguage":"pt-PT","@id":"https:\/\/lojaopening.com.br\/shopp\/produto\/rolo-fita-filtro-saida-de-ar-500-microns-resistencia-do-ar-baixa\/#primaryimage","url":"https:\/\/lojaopening.com.br\/wp-content\/uploads\/2023\/05\/filtro-saida-de-ar-ptfe.png","contentUrl":"https:\/\/lojaopening.com.br\/wp-content\/uploads\/2023\/05\/filtro-saida-de-ar-ptfe.png","width":510,"height":498},{"@type":"BreadcrumbList","@id":"https:\/\/lojaopening.com.br\/shopp\/produto\/rolo-fita-filtro-saida-de-ar-500-microns-resistencia-do-ar-baixa\/#breadcrumb","itemListElement":[{"@type":"ListItem","position":1,"name":"In\u00edcio","item":"https:\/\/lojaopening.com.br\/shopp\/"},{"@type":"ListItem","position":2,"name":"Shop","item":"https:\/\/lojaopening.com.br\/shopp\/shopp\/"},{"@type":"ListItem","position":3,"name":"Rolo Fita Filtro Sa\u00edda de Ar 500 M\u00edcrons Resist\u00eancia Do Ar Baixa"}]},{"@type":"WebSite","@id":"https:\/\/lojaopening.com.br\/shopp\/#website","url":"https:\/\/lojaopening.com.br\/shopp\/","name":"Loja Opening","description":"","publisher":{"@id":"https:\/\/lojaopening.com.br\/shopp\/#organization"},"potentialAction":[{"@type":"SearchAction","target":{"@type":"EntryPoint","urlTemplate":"https:\/\/lojaopening.com.br\/shopp\/?s={search_term_string}"},"query-input":{"@type":"PropertyValueSpecification","valueRequired":true,"valueName":"search_term_string"}}],"inLanguage":"pt-PT"},{"@type":"Organization","@id":"https:\/\/lojaopening.com.br\/shopp\/#organization","name":"Opening World Coml Import Export Ltda","url":"https:\/\/lojaopening.com.br\/shopp\/","logo":{"@type":"ImageObject","inLanguage":"pt-PT","@id":"https:\/\/lojaopening.com.br\/shopp\/#\/schema\/logo\/image\/","url":"https:\/\/lojaopening.com.br\/wp-content\/uploads\/2020\/09\/logo_header.png","contentUrl":"https:\/\/lojaopening.com.br\/wp-content\/uploads\/2020\/09\/logo_header.png","width":1279,"height":328,"caption":"Opening World Coml Import Export Ltda"},"image":{"@id":"https:\/\/lojaopening.com.br\/shopp\/#\/schema\/logo\/image\/"}}]}},"_links":{"self":[{"href":"https:\/\/lojaopening.com.br\/shopp\/wp-json\/wp\/v2\/product\/1595","targetHints":{"allow":["GET"]}}],"collection":[{"href":"https:\/\/lojaopening.com.br\/shopp\/wp-json\/wp\/v2\/product"}],"about":[{"href":"https:\/\/lojaopening.com.br\/shopp\/wp-json\/wp\/v2\/types\/product"}],"wp:featuredmedia":[{"embeddable":true,"href":"https:\/\/lojaopening.com.br\/shopp\/wp-json\/wp\/v2\/media\/1545"}],"wp:attachment":[{"href":"https:\/\/lojaopening.com.br\/shopp\/wp-json\/wp\/v2\/media?parent=1595"}],"wp:term":[{"taxonomy":"product_brand","embeddable":true,"href":"https:\/\/lojaopening.com.br\/shopp\/wp-json\/wp\/v2\/product_brand?post=1595"},{"taxonomy":"product_cat","embeddable":true,"href":"https:\/\/lojaopening.com.br\/shopp\/wp-json\/wp\/v2\/product_cat?post=1595"},{"taxonomy":"product_tag","embeddable":true,"href":"https:\/\/lojaopening.com.br\/shopp\/wp-json\/wp\/v2\/product_tag?post=1595"}],"curies":[{"name":"wp","href":"https:\/\/api.w.org\/{rel}","templated":true}]}}