{"id":1629,"date":"2023-05-23T23:46:47","date_gmt":"2023-05-23T23:46:47","guid":{"rendered":"https:\/\/lojaopening.com.br\/shopp\/?post_type=product&#038;p=1629"},"modified":"2023-05-27T20:06:31","modified_gmt":"2023-05-27T20:06:31","slug":"folha-de-fibra-de-vidro-tipo-gf-3-203mm-x-254mm","status":"publish","type":"product","link":"https:\/\/lojaopening.com.br\/shopp\/produto\/folha-de-fibra-de-vidro-tipo-gf-3-203mm-x-254mm\/","title":{"rendered":"Folha de Fibra de Vidro Tipo GF\/3 203mm x 254mm"},"content":{"rendered":"<h1>Folha de Fibra de Vidro Tipo GF\/3 203mm x 254mm<\/h1>\n<p>As Folhas de Fibra de Vidro Tipo GF\/3 da Minipore foram desenvolvidas e produzidas especialmente para a amostragem de ar PM-10 contendo uma alta concentra\u00e7\u00e3o de part\u00edculas ambientais e aeross\u00f3is.<\/p>\n<p><strong>Recursos:<\/strong><\/p>\n<ul>\n<li>Alta capacidade de reten\u00e7\u00e3o de sujeira.<\/li>\n<li>An\u00e1lise detalhada de poluentes tra\u00e7o.<\/li>\n<li>Baixo fundo qu\u00edmico.<\/li>\n<li>Numeradas sequencialmente para f\u00e1cil rastreamento.<\/li>\n<li>Livre de aglutinantes.<\/li>\n<\/ul>\n<p><strong>Aplica\u00e7\u00e3o:<\/strong><\/p>\n<ul>\n<li>Amostragem de ar PM-10 de alto volume com part\u00edculas ambientais e aeross\u00f3is.<\/li>\n<\/ul>\n<p><strong>Aplica\u00e7\u00e3o:<\/strong><\/p>\n<ul>\n<li><b>Grau:<\/b>GF\/3<\/li>\n<li><b>Tamanho (mm):<\/b>203mm x 254mm<\/li>\n<li><b>Peso B\u00e1sico (g\/m\u00b2):<\/b>85<\/li>\n<li><b>Reten\u00e7\u00e3o de Part\u00edcula L\u00edquida (\u00b5m): 2.0<\/b><\/li>\n<li><strong>Espessura T\u00edpica<\/strong> <b> (\u00b5m)<\/b>: 450<\/li>\n<li><strong>CmH2O<\/strong>: 4.0<\/li>\n<li><b>Explos\u00e3o \u00damida:1.8<\/b><\/li>\n<li><b>For\u00e7a de Tra\u00e7\u00e3o (g):<\/b>800<\/li>\n<li><b>Quantidade no Pacote (pcs):<\/b>100<\/li>\n<\/ul>\n<p>*Consulte-nos para outros tamanhos<\/p>\n","protected":false},"excerpt":{"rendered":"<p>Folha de Fibra de Vidro Tipo GF\/3 203mm x 254mm As Folhas de Fibra de Vidro Tipo GF\/3 da Minipore&hellip;<\/p>\n","protected":false},"featured_media":1630,"template":"","meta":[],"product_brand":[],"product_cat":[45,716],"product_tag":[],"class_list":{"0":"post-1629","1":"product","2":"type-product","3":"status-publish","4":"has-post-thumbnail","6":"product_cat-laboratorio-industrial-cientifico","7":"product_cat-mmp","9":"first","10":"onbackorder","11":"shipping-taxable","12":"product-type-simple"},"yoast_head":"<!-- This site is optimized with the Yoast SEO plugin v27.2 - https:\/\/yoast.com\/product\/yoast-seo-wordpress\/ -->\n<title>Folha de Fibra de Vidro Tipo GF\/3 203mm x 254mm<\/title>\n<meta name=\"description\" content=\"Folha de Fibra de Vidro Tipo GF\/3 203mm x 254mm, produzido especialmente para amostragem de ar PM-10 de alto volumede part\u00edculas ambientais e aeross\u00f3is.\" \/>\n<meta name=\"robots\" content=\"index, follow, max-snippet:-1, max-image-preview:large, max-video-preview:-1\" \/>\n<link rel=\"canonical\" href=\"https:\/\/lojaopening.com.br\/shopp\/produto\/folha-de-fibra-de-vidro-tipo-gf-3-203mm-x-254mm\/\" \/>\n<meta property=\"og:locale\" content=\"pt_PT\" \/>\n<meta property=\"og:type\" content=\"article\" \/>\n<meta property=\"og:title\" content=\"Folha de Fibra de Vidro Tipo GF\/3 203mm x 254mm\" \/>\n<meta property=\"og:description\" content=\"Folha de Fibra de Vidro Tipo GF\/3 203mm x 254mm, produzido especialmente para amostragem de ar PM-10 de alto volumede part\u00edculas ambientais e aeross\u00f3is.\" \/>\n<meta property=\"og:url\" content=\"https:\/\/lojaopening.com.br\/shopp\/produto\/folha-de-fibra-de-vidro-tipo-gf-3-203mm-x-254mm\/\" \/>\n<meta property=\"og:site_name\" content=\"Loja Opening\" \/>\n<meta property=\"article:modified_time\" content=\"2023-05-27T20:06:31+00:00\" \/>\n<meta property=\"og:image\" content=\"https:\/\/lojaopening.com.br\/wp-content\/uploads\/2023\/05\/discos-e-folhas-fibra-de-vidro-gf3.png\" \/>\n\t<meta property=\"og:image:width\" content=\"500\" \/>\n\t<meta property=\"og:image:height\" content=\"500\" \/>\n\t<meta property=\"og:image:type\" content=\"image\/png\" \/>\n<meta name=\"twitter:card\" content=\"summary_large_image\" \/>\n<meta name=\"twitter:label1\" content=\"Tempo estimado de leitura\" \/>\n\t<meta name=\"twitter:data1\" content=\"1 minuto\" \/>\n<script type=\"application\/ld+json\" class=\"yoast-schema-graph\">{\"@context\":\"https:\/\/schema.org\",\"@graph\":[{\"@type\":\"WebPage\",\"@id\":\"https:\/\/lojaopening.com.br\/shopp\/produto\/folha-de-fibra-de-vidro-tipo-gf-3-203mm-x-254mm\/\",\"url\":\"https:\/\/lojaopening.com.br\/shopp\/produto\/folha-de-fibra-de-vidro-tipo-gf-3-203mm-x-254mm\/\",\"name\":\"Folha de Fibra de Vidro Tipo GF\/3 203mm x 254mm\",\"isPartOf\":{\"@id\":\"https:\/\/lojaopening.com.br\/shopp\/#website\"},\"primaryImageOfPage\":{\"@id\":\"https:\/\/lojaopening.com.br\/shopp\/produto\/folha-de-fibra-de-vidro-tipo-gf-3-203mm-x-254mm\/#primaryimage\"},\"image\":{\"@id\":\"https:\/\/lojaopening.com.br\/shopp\/produto\/folha-de-fibra-de-vidro-tipo-gf-3-203mm-x-254mm\/#primaryimage\"},\"thumbnailUrl\":\"https:\/\/lojaopening.com.br\/wp-content\/uploads\/2023\/05\/discos-e-folhas-fibra-de-vidro-gf3.png\",\"datePublished\":\"2023-05-23T23:46:47+00:00\",\"dateModified\":\"2023-05-27T20:06:31+00:00\",\"description\":\"Folha de Fibra de Vidro Tipo GF\/3 203mm x 254mm, produzido especialmente para amostragem de ar PM-10 de alto volumede part\u00edculas ambientais e aeross\u00f3is.\",\"breadcrumb\":{\"@id\":\"https:\/\/lojaopening.com.br\/shopp\/produto\/folha-de-fibra-de-vidro-tipo-gf-3-203mm-x-254mm\/#breadcrumb\"},\"inLanguage\":\"pt-PT\",\"potentialAction\":[{\"@type\":\"ReadAction\",\"target\":[\"https:\/\/lojaopening.com.br\/shopp\/produto\/folha-de-fibra-de-vidro-tipo-gf-3-203mm-x-254mm\/\"]}]},{\"@type\":\"ImageObject\",\"inLanguage\":\"pt-PT\",\"@id\":\"https:\/\/lojaopening.com.br\/shopp\/produto\/folha-de-fibra-de-vidro-tipo-gf-3-203mm-x-254mm\/#primaryimage\",\"url\":\"https:\/\/lojaopening.com.br\/wp-content\/uploads\/2023\/05\/discos-e-folhas-fibra-de-vidro-gf3.png\",\"contentUrl\":\"https:\/\/lojaopening.com.br\/wp-content\/uploads\/2023\/05\/discos-e-folhas-fibra-de-vidro-gf3.png\",\"width\":500,\"height\":500},{\"@type\":\"BreadcrumbList\",\"@id\":\"https:\/\/lojaopening.com.br\/shopp\/produto\/folha-de-fibra-de-vidro-tipo-gf-3-203mm-x-254mm\/#breadcrumb\",\"itemListElement\":[{\"@type\":\"ListItem\",\"position\":1,\"name\":\"In\u00edcio\",\"item\":\"https:\/\/lojaopening.com.br\/shopp\/\"},{\"@type\":\"ListItem\",\"position\":2,\"name\":\"Shop\",\"item\":\"https:\/\/lojaopening.com.br\/shopp\/shopp\/\"},{\"@type\":\"ListItem\",\"position\":3,\"name\":\"Folha de Fibra de Vidro Tipo GF\/3 203mm x 254mm\"}]},{\"@type\":\"WebSite\",\"@id\":\"https:\/\/lojaopening.com.br\/shopp\/#website\",\"url\":\"https:\/\/lojaopening.com.br\/shopp\/\",\"name\":\"Loja Opening\",\"description\":\"\",\"publisher\":{\"@id\":\"https:\/\/lojaopening.com.br\/shopp\/#organization\"},\"potentialAction\":[{\"@type\":\"SearchAction\",\"target\":{\"@type\":\"EntryPoint\",\"urlTemplate\":\"https:\/\/lojaopening.com.br\/shopp\/?s={search_term_string}\"},\"query-input\":{\"@type\":\"PropertyValueSpecification\",\"valueRequired\":true,\"valueName\":\"search_term_string\"}}],\"inLanguage\":\"pt-PT\"},{\"@type\":\"Organization\",\"@id\":\"https:\/\/lojaopening.com.br\/shopp\/#organization\",\"name\":\"Opening World Coml Import Export Ltda\",\"url\":\"https:\/\/lojaopening.com.br\/shopp\/\",\"logo\":{\"@type\":\"ImageObject\",\"inLanguage\":\"pt-PT\",\"@id\":\"https:\/\/lojaopening.com.br\/shopp\/#\/schema\/logo\/image\/\",\"url\":\"https:\/\/lojaopening.com.br\/wp-content\/uploads\/2020\/09\/logo_header.png\",\"contentUrl\":\"https:\/\/lojaopening.com.br\/wp-content\/uploads\/2020\/09\/logo_header.png\",\"width\":1279,\"height\":328,\"caption\":\"Opening World Coml Import Export Ltda\"},\"image\":{\"@id\":\"https:\/\/lojaopening.com.br\/shopp\/#\/schema\/logo\/image\/\"}}]}<\/script>\n<!-- \/ Yoast SEO plugin. -->","yoast_head_json":{"title":"Folha de Fibra de Vidro Tipo GF\/3 203mm x 254mm","description":"Folha de Fibra de Vidro Tipo GF\/3 203mm x 254mm, produzido especialmente para amostragem de ar PM-10 de alto volumede part\u00edculas ambientais e aeross\u00f3is.","robots":{"index":"index","follow":"follow","max-snippet":"max-snippet:-1","max-image-preview":"max-image-preview:large","max-video-preview":"max-video-preview:-1"},"canonical":"https:\/\/lojaopening.com.br\/shopp\/produto\/folha-de-fibra-de-vidro-tipo-gf-3-203mm-x-254mm\/","og_locale":"pt_PT","og_type":"article","og_title":"Folha de Fibra de Vidro Tipo GF\/3 203mm x 254mm","og_description":"Folha de Fibra de Vidro Tipo GF\/3 203mm x 254mm, produzido especialmente para amostragem de ar PM-10 de alto volumede part\u00edculas ambientais e aeross\u00f3is.","og_url":"https:\/\/lojaopening.com.br\/shopp\/produto\/folha-de-fibra-de-vidro-tipo-gf-3-203mm-x-254mm\/","og_site_name":"Loja Opening","article_modified_time":"2023-05-27T20:06:31+00:00","og_image":[{"width":500,"height":500,"url":"https:\/\/lojaopening.com.br\/wp-content\/uploads\/2023\/05\/discos-e-folhas-fibra-de-vidro-gf3.png","type":"image\/png"}],"twitter_card":"summary_large_image","twitter_misc":{"Tempo estimado de leitura":"1 minuto"},"schema":{"@context":"https:\/\/schema.org","@graph":[{"@type":"WebPage","@id":"https:\/\/lojaopening.com.br\/shopp\/produto\/folha-de-fibra-de-vidro-tipo-gf-3-203mm-x-254mm\/","url":"https:\/\/lojaopening.com.br\/shopp\/produto\/folha-de-fibra-de-vidro-tipo-gf-3-203mm-x-254mm\/","name":"Folha de Fibra de Vidro Tipo GF\/3 203mm x 254mm","isPartOf":{"@id":"https:\/\/lojaopening.com.br\/shopp\/#website"},"primaryImageOfPage":{"@id":"https:\/\/lojaopening.com.br\/shopp\/produto\/folha-de-fibra-de-vidro-tipo-gf-3-203mm-x-254mm\/#primaryimage"},"image":{"@id":"https:\/\/lojaopening.com.br\/shopp\/produto\/folha-de-fibra-de-vidro-tipo-gf-3-203mm-x-254mm\/#primaryimage"},"thumbnailUrl":"https:\/\/lojaopening.com.br\/wp-content\/uploads\/2023\/05\/discos-e-folhas-fibra-de-vidro-gf3.png","datePublished":"2023-05-23T23:46:47+00:00","dateModified":"2023-05-27T20:06:31+00:00","description":"Folha de Fibra de Vidro Tipo GF\/3 203mm x 254mm, produzido especialmente para amostragem de ar PM-10 de alto volumede part\u00edculas ambientais e aeross\u00f3is.","breadcrumb":{"@id":"https:\/\/lojaopening.com.br\/shopp\/produto\/folha-de-fibra-de-vidro-tipo-gf-3-203mm-x-254mm\/#breadcrumb"},"inLanguage":"pt-PT","potentialAction":[{"@type":"ReadAction","target":["https:\/\/lojaopening.com.br\/shopp\/produto\/folha-de-fibra-de-vidro-tipo-gf-3-203mm-x-254mm\/"]}]},{"@type":"ImageObject","inLanguage":"pt-PT","@id":"https:\/\/lojaopening.com.br\/shopp\/produto\/folha-de-fibra-de-vidro-tipo-gf-3-203mm-x-254mm\/#primaryimage","url":"https:\/\/lojaopening.com.br\/wp-content\/uploads\/2023\/05\/discos-e-folhas-fibra-de-vidro-gf3.png","contentUrl":"https:\/\/lojaopening.com.br\/wp-content\/uploads\/2023\/05\/discos-e-folhas-fibra-de-vidro-gf3.png","width":500,"height":500},{"@type":"BreadcrumbList","@id":"https:\/\/lojaopening.com.br\/shopp\/produto\/folha-de-fibra-de-vidro-tipo-gf-3-203mm-x-254mm\/#breadcrumb","itemListElement":[{"@type":"ListItem","position":1,"name":"In\u00edcio","item":"https:\/\/lojaopening.com.br\/shopp\/"},{"@type":"ListItem","position":2,"name":"Shop","item":"https:\/\/lojaopening.com.br\/shopp\/shopp\/"},{"@type":"ListItem","position":3,"name":"Folha de Fibra de Vidro Tipo GF\/3 203mm x 254mm"}]},{"@type":"WebSite","@id":"https:\/\/lojaopening.com.br\/shopp\/#website","url":"https:\/\/lojaopening.com.br\/shopp\/","name":"Loja Opening","description":"","publisher":{"@id":"https:\/\/lojaopening.com.br\/shopp\/#organization"},"potentialAction":[{"@type":"SearchAction","target":{"@type":"EntryPoint","urlTemplate":"https:\/\/lojaopening.com.br\/shopp\/?s={search_term_string}"},"query-input":{"@type":"PropertyValueSpecification","valueRequired":true,"valueName":"search_term_string"}}],"inLanguage":"pt-PT"},{"@type":"Organization","@id":"https:\/\/lojaopening.com.br\/shopp\/#organization","name":"Opening World Coml Import Export Ltda","url":"https:\/\/lojaopening.com.br\/shopp\/","logo":{"@type":"ImageObject","inLanguage":"pt-PT","@id":"https:\/\/lojaopening.com.br\/shopp\/#\/schema\/logo\/image\/","url":"https:\/\/lojaopening.com.br\/wp-content\/uploads\/2020\/09\/logo_header.png","contentUrl":"https:\/\/lojaopening.com.br\/wp-content\/uploads\/2020\/09\/logo_header.png","width":1279,"height":328,"caption":"Opening World Coml Import Export Ltda"},"image":{"@id":"https:\/\/lojaopening.com.br\/shopp\/#\/schema\/logo\/image\/"}}]}},"_links":{"self":[{"href":"https:\/\/lojaopening.com.br\/shopp\/wp-json\/wp\/v2\/product\/1629","targetHints":{"allow":["GET"]}}],"collection":[{"href":"https:\/\/lojaopening.com.br\/shopp\/wp-json\/wp\/v2\/product"}],"about":[{"href":"https:\/\/lojaopening.com.br\/shopp\/wp-json\/wp\/v2\/types\/product"}],"wp:featuredmedia":[{"embeddable":true,"href":"https:\/\/lojaopening.com.br\/shopp\/wp-json\/wp\/v2\/media\/1630"}],"wp:attachment":[{"href":"https:\/\/lojaopening.com.br\/shopp\/wp-json\/wp\/v2\/media?parent=1629"}],"wp:term":[{"taxonomy":"product_brand","embeddable":true,"href":"https:\/\/lojaopening.com.br\/shopp\/wp-json\/wp\/v2\/product_brand?post=1629"},{"taxonomy":"product_cat","embeddable":true,"href":"https:\/\/lojaopening.com.br\/shopp\/wp-json\/wp\/v2\/product_cat?post=1629"},{"taxonomy":"product_tag","embeddable":true,"href":"https:\/\/lojaopening.com.br\/shopp\/wp-json\/wp\/v2\/product_tag?post=1629"}],"curies":[{"name":"wp","href":"https:\/\/api.w.org\/{rel}","templated":true}]}}