{"id":683,"date":"2020-09-04T03:54:44","date_gmt":"2020-09-04T03:54:44","guid":{"rendered":"https:\/\/adsvance.me\/lojaopw\/produto\/bebedouro-de-coluna-refrigerado-stille-master-branco-fume-begel-21466\/"},"modified":"2023-05-27T19:49:43","modified_gmt":"2023-05-27T19:49:43","slug":"bebedouro-de-coluna-refrigerado-stille-master-branco-fume-begel-21466","status":"publish","type":"product","link":"https:\/\/lojaopening.com.br\/shopp\/produto\/bebedouro-de-coluna-refrigerado-stille-master-branco-fume-begel-21466\/","title":{"rendered":"Bebedouro de coluna refrigerado Stille Master branco Fum\u00e9 \u2013 Begel 21466"},"content":{"rendered":"<p>Bebedouro para garraf\u00f5es de 5 \u00e0 20 litros Compressor para refrigera\u00e7\u00e3o nacional silencioso e de alto rendimento (n\u00e3o usa placa termoel\u00e9trica) Fornece \u00e1gua gelada e natural\u00a0 Torneiras embutidas e m\u00e1scara colorida remov\u00edvel (m\u00e1scara e pingadeira na cor fum\u00ea) Laterais do gabinete com pintura eletrost\u00e1tica de alta resist\u00eancia \u00e0 corros\u00e3o\u00a0 Tampo superior e frontal em poliestireno de alto impacto injetado Design moderno com linhas harmoniosas Serpentina externa, n\u00e3o fica em contato com a \u00e1gua G\u00e1s refrigerante que n\u00e3o agride a natureza Dep\u00f3sito de \u00e1gua em polietileno at\u00f3xico Controle de temperatura frontal de 4\u00ba a 15\u00baC Tens\u00e3o: 110v ou 220VCertificado pelo INMETROGarantia de 1 ano contra defeitos de fabrica\u00e7\u00e3o Classifica\u00e7\u00e3o Fiscal(ncm): 8418.69.31\u00a0 \u00a0 Dimens\u00f5es: Alt: 96cmLarg: 30,50cmProf: 33,0cmPeso: 14,5kg<\/p>\n","protected":false},"excerpt":{"rendered":"<p>Bebedouro de coluna refrigerado Stille Master branco Fum\u00e9 \u2013 Begel21466<\/p>\n","protected":false},"featured_media":962,"template":"","meta":[],"product_brand":[],"product_cat":[118,39],"product_tag":[],"class_list":{"0":"post-683","1":"product","2":"type-product","3":"status-publish","4":"has-post-thumbnail","6":"product_cat-begel","7":"product_cat-cozinha-industrial","9":"first","10":"onbackorder","11":"shipping-taxable","12":"purchasable","13":"product-type-simple"},"yoast_head":"<!-- This site is optimized with the Yoast SEO plugin v27.2 - https:\/\/yoast.com\/product\/yoast-seo-wordpress\/ -->\n<title>Bebedouro de coluna refrigerado Stille Master branco Fum\u00e9 \u2013 Begel 21466 - Loja Opening<\/title>\n<meta name=\"robots\" content=\"index, follow, max-snippet:-1, max-image-preview:large, max-video-preview:-1\" \/>\n<link rel=\"canonical\" href=\"https:\/\/lojaopening.com.br\/shopp\/produto\/bebedouro-de-coluna-refrigerado-stille-master-branco-fume-begel-21466\/\" \/>\n<meta property=\"og:locale\" content=\"pt_PT\" \/>\n<meta property=\"og:type\" content=\"article\" \/>\n<meta property=\"og:title\" content=\"Bebedouro de coluna refrigerado Stille Master branco Fum\u00e9 \u2013 Begel 21466 - Loja Opening\" \/>\n<meta property=\"og:description\" content=\"Bebedouro de coluna refrigerado Stille Master branco Fum\u00e9 \u2013 Begel21466\" \/>\n<meta property=\"og:url\" content=\"https:\/\/lojaopening.com.br\/shopp\/produto\/bebedouro-de-coluna-refrigerado-stille-master-branco-fume-begel-21466\/\" \/>\n<meta property=\"og:site_name\" content=\"Loja Opening\" \/>\n<meta property=\"article:modified_time\" content=\"2023-05-27T19:49:43+00:00\" \/>\n<meta property=\"og:image\" content=\"https:\/\/lojaopening.com.br\/wp-content\/uploads\/2020\/09\/Bebedouro-de-coluna-refrigerado-Stille-Master-branco-FumE9-96-Begel.png\" \/>\n\t<meta property=\"og:image:width\" content=\"3334\" \/>\n\t<meta property=\"og:image:height\" content=\"3335\" \/>\n\t<meta property=\"og:image:type\" content=\"image\/png\" \/>\n<meta name=\"twitter:card\" content=\"summary_large_image\" \/>\n<meta name=\"twitter:label1\" content=\"Tempo estimado de leitura\" \/>\n\t<meta name=\"twitter:data1\" content=\"1 minuto\" \/>\n<script type=\"application\/ld+json\" class=\"yoast-schema-graph\">{\"@context\":\"https:\/\/schema.org\",\"@graph\":[{\"@type\":\"WebPage\",\"@id\":\"https:\/\/lojaopening.com.br\/shopp\/produto\/bebedouro-de-coluna-refrigerado-stille-master-branco-fume-begel-21466\/\",\"url\":\"https:\/\/lojaopening.com.br\/shopp\/produto\/bebedouro-de-coluna-refrigerado-stille-master-branco-fume-begel-21466\/\",\"name\":\"Bebedouro de coluna refrigerado Stille Master branco Fum\u00e9 \u2013 Begel 21466 - Loja Opening\",\"isPartOf\":{\"@id\":\"https:\/\/lojaopening.com.br\/shopp\/#website\"},\"primaryImageOfPage\":{\"@id\":\"https:\/\/lojaopening.com.br\/shopp\/produto\/bebedouro-de-coluna-refrigerado-stille-master-branco-fume-begel-21466\/#primaryimage\"},\"image\":{\"@id\":\"https:\/\/lojaopening.com.br\/shopp\/produto\/bebedouro-de-coluna-refrigerado-stille-master-branco-fume-begel-21466\/#primaryimage\"},\"thumbnailUrl\":\"https:\/\/lojaopening.com.br\/wp-content\/uploads\/2020\/09\/Bebedouro-de-coluna-refrigerado-Stille-Master-branco-FumE9-96-Begel.png\",\"datePublished\":\"2020-09-04T03:54:44+00:00\",\"dateModified\":\"2023-05-27T19:49:43+00:00\",\"breadcrumb\":{\"@id\":\"https:\/\/lojaopening.com.br\/shopp\/produto\/bebedouro-de-coluna-refrigerado-stille-master-branco-fume-begel-21466\/#breadcrumb\"},\"inLanguage\":\"pt-PT\",\"potentialAction\":[{\"@type\":\"ReadAction\",\"target\":[\"https:\/\/lojaopening.com.br\/shopp\/produto\/bebedouro-de-coluna-refrigerado-stille-master-branco-fume-begel-21466\/\"]}]},{\"@type\":\"ImageObject\",\"inLanguage\":\"pt-PT\",\"@id\":\"https:\/\/lojaopening.com.br\/shopp\/produto\/bebedouro-de-coluna-refrigerado-stille-master-branco-fume-begel-21466\/#primaryimage\",\"url\":\"https:\/\/lojaopening.com.br\/wp-content\/uploads\/2020\/09\/Bebedouro-de-coluna-refrigerado-Stille-Master-branco-FumE9-96-Begel.png\",\"contentUrl\":\"https:\/\/lojaopening.com.br\/wp-content\/uploads\/2020\/09\/Bebedouro-de-coluna-refrigerado-Stille-Master-branco-FumE9-96-Begel.png\",\"width\":3334,\"height\":3335},{\"@type\":\"BreadcrumbList\",\"@id\":\"https:\/\/lojaopening.com.br\/shopp\/produto\/bebedouro-de-coluna-refrigerado-stille-master-branco-fume-begel-21466\/#breadcrumb\",\"itemListElement\":[{\"@type\":\"ListItem\",\"position\":1,\"name\":\"In\u00edcio\",\"item\":\"https:\/\/lojaopening.com.br\/shopp\/\"},{\"@type\":\"ListItem\",\"position\":2,\"name\":\"Shop\",\"item\":\"https:\/\/lojaopening.com.br\/shopp\/shopp\/\"},{\"@type\":\"ListItem\",\"position\":3,\"name\":\"Bebedouro de coluna refrigerado Stille Master branco Fum\u00e9 \u2013 Begel 21466\"}]},{\"@type\":\"WebSite\",\"@id\":\"https:\/\/lojaopening.com.br\/shopp\/#website\",\"url\":\"https:\/\/lojaopening.com.br\/shopp\/\",\"name\":\"Loja Opening\",\"description\":\"\",\"publisher\":{\"@id\":\"https:\/\/lojaopening.com.br\/shopp\/#organization\"},\"potentialAction\":[{\"@type\":\"SearchAction\",\"target\":{\"@type\":\"EntryPoint\",\"urlTemplate\":\"https:\/\/lojaopening.com.br\/shopp\/?s={search_term_string}\"},\"query-input\":{\"@type\":\"PropertyValueSpecification\",\"valueRequired\":true,\"valueName\":\"search_term_string\"}}],\"inLanguage\":\"pt-PT\"},{\"@type\":\"Organization\",\"@id\":\"https:\/\/lojaopening.com.br\/shopp\/#organization\",\"name\":\"Opening World Coml Import Export Ltda\",\"url\":\"https:\/\/lojaopening.com.br\/shopp\/\",\"logo\":{\"@type\":\"ImageObject\",\"inLanguage\":\"pt-PT\",\"@id\":\"https:\/\/lojaopening.com.br\/shopp\/#\/schema\/logo\/image\/\",\"url\":\"https:\/\/lojaopening.com.br\/wp-content\/uploads\/2020\/09\/logo_header.png\",\"contentUrl\":\"https:\/\/lojaopening.com.br\/wp-content\/uploads\/2020\/09\/logo_header.png\",\"width\":1279,\"height\":328,\"caption\":\"Opening World Coml Import Export Ltda\"},\"image\":{\"@id\":\"https:\/\/lojaopening.com.br\/shopp\/#\/schema\/logo\/image\/\"}}]}<\/script>\n<!-- \/ Yoast SEO plugin. -->","yoast_head_json":{"title":"Bebedouro de coluna refrigerado Stille Master branco Fum\u00e9 \u2013 Begel 21466 - Loja Opening","robots":{"index":"index","follow":"follow","max-snippet":"max-snippet:-1","max-image-preview":"max-image-preview:large","max-video-preview":"max-video-preview:-1"},"canonical":"https:\/\/lojaopening.com.br\/shopp\/produto\/bebedouro-de-coluna-refrigerado-stille-master-branco-fume-begel-21466\/","og_locale":"pt_PT","og_type":"article","og_title":"Bebedouro de coluna refrigerado Stille Master branco Fum\u00e9 \u2013 Begel 21466 - Loja Opening","og_description":"Bebedouro de coluna refrigerado Stille Master branco Fum\u00e9 \u2013 Begel21466","og_url":"https:\/\/lojaopening.com.br\/shopp\/produto\/bebedouro-de-coluna-refrigerado-stille-master-branco-fume-begel-21466\/","og_site_name":"Loja Opening","article_modified_time":"2023-05-27T19:49:43+00:00","og_image":[{"width":3334,"height":3335,"url":"https:\/\/lojaopening.com.br\/wp-content\/uploads\/2020\/09\/Bebedouro-de-coluna-refrigerado-Stille-Master-branco-FumE9-96-Begel.png","type":"image\/png"}],"twitter_card":"summary_large_image","twitter_misc":{"Tempo estimado de leitura":"1 minuto"},"schema":{"@context":"https:\/\/schema.org","@graph":[{"@type":"WebPage","@id":"https:\/\/lojaopening.com.br\/shopp\/produto\/bebedouro-de-coluna-refrigerado-stille-master-branco-fume-begel-21466\/","url":"https:\/\/lojaopening.com.br\/shopp\/produto\/bebedouro-de-coluna-refrigerado-stille-master-branco-fume-begel-21466\/","name":"Bebedouro de coluna refrigerado Stille Master branco Fum\u00e9 \u2013 Begel 21466 - Loja Opening","isPartOf":{"@id":"https:\/\/lojaopening.com.br\/shopp\/#website"},"primaryImageOfPage":{"@id":"https:\/\/lojaopening.com.br\/shopp\/produto\/bebedouro-de-coluna-refrigerado-stille-master-branco-fume-begel-21466\/#primaryimage"},"image":{"@id":"https:\/\/lojaopening.com.br\/shopp\/produto\/bebedouro-de-coluna-refrigerado-stille-master-branco-fume-begel-21466\/#primaryimage"},"thumbnailUrl":"https:\/\/lojaopening.com.br\/wp-content\/uploads\/2020\/09\/Bebedouro-de-coluna-refrigerado-Stille-Master-branco-FumE9-96-Begel.png","datePublished":"2020-09-04T03:54:44+00:00","dateModified":"2023-05-27T19:49:43+00:00","breadcrumb":{"@id":"https:\/\/lojaopening.com.br\/shopp\/produto\/bebedouro-de-coluna-refrigerado-stille-master-branco-fume-begel-21466\/#breadcrumb"},"inLanguage":"pt-PT","potentialAction":[{"@type":"ReadAction","target":["https:\/\/lojaopening.com.br\/shopp\/produto\/bebedouro-de-coluna-refrigerado-stille-master-branco-fume-begel-21466\/"]}]},{"@type":"ImageObject","inLanguage":"pt-PT","@id":"https:\/\/lojaopening.com.br\/shopp\/produto\/bebedouro-de-coluna-refrigerado-stille-master-branco-fume-begel-21466\/#primaryimage","url":"https:\/\/lojaopening.com.br\/wp-content\/uploads\/2020\/09\/Bebedouro-de-coluna-refrigerado-Stille-Master-branco-FumE9-96-Begel.png","contentUrl":"https:\/\/lojaopening.com.br\/wp-content\/uploads\/2020\/09\/Bebedouro-de-coluna-refrigerado-Stille-Master-branco-FumE9-96-Begel.png","width":3334,"height":3335},{"@type":"BreadcrumbList","@id":"https:\/\/lojaopening.com.br\/shopp\/produto\/bebedouro-de-coluna-refrigerado-stille-master-branco-fume-begel-21466\/#breadcrumb","itemListElement":[{"@type":"ListItem","position":1,"name":"In\u00edcio","item":"https:\/\/lojaopening.com.br\/shopp\/"},{"@type":"ListItem","position":2,"name":"Shop","item":"https:\/\/lojaopening.com.br\/shopp\/shopp\/"},{"@type":"ListItem","position":3,"name":"Bebedouro de coluna refrigerado Stille Master branco Fum\u00e9 \u2013 Begel 21466"}]},{"@type":"WebSite","@id":"https:\/\/lojaopening.com.br\/shopp\/#website","url":"https:\/\/lojaopening.com.br\/shopp\/","name":"Loja Opening","description":"","publisher":{"@id":"https:\/\/lojaopening.com.br\/shopp\/#organization"},"potentialAction":[{"@type":"SearchAction","target":{"@type":"EntryPoint","urlTemplate":"https:\/\/lojaopening.com.br\/shopp\/?s={search_term_string}"},"query-input":{"@type":"PropertyValueSpecification","valueRequired":true,"valueName":"search_term_string"}}],"inLanguage":"pt-PT"},{"@type":"Organization","@id":"https:\/\/lojaopening.com.br\/shopp\/#organization","name":"Opening World Coml Import Export Ltda","url":"https:\/\/lojaopening.com.br\/shopp\/","logo":{"@type":"ImageObject","inLanguage":"pt-PT","@id":"https:\/\/lojaopening.com.br\/shopp\/#\/schema\/logo\/image\/","url":"https:\/\/lojaopening.com.br\/wp-content\/uploads\/2020\/09\/logo_header.png","contentUrl":"https:\/\/lojaopening.com.br\/wp-content\/uploads\/2020\/09\/logo_header.png","width":1279,"height":328,"caption":"Opening World Coml Import Export Ltda"},"image":{"@id":"https:\/\/lojaopening.com.br\/shopp\/#\/schema\/logo\/image\/"}}]}},"_links":{"self":[{"href":"https:\/\/lojaopening.com.br\/shopp\/wp-json\/wp\/v2\/product\/683","targetHints":{"allow":["GET"]}}],"collection":[{"href":"https:\/\/lojaopening.com.br\/shopp\/wp-json\/wp\/v2\/product"}],"about":[{"href":"https:\/\/lojaopening.com.br\/shopp\/wp-json\/wp\/v2\/types\/product"}],"wp:featuredmedia":[{"embeddable":true,"href":"https:\/\/lojaopening.com.br\/shopp\/wp-json\/wp\/v2\/media\/962"}],"wp:attachment":[{"href":"https:\/\/lojaopening.com.br\/shopp\/wp-json\/wp\/v2\/media?parent=683"}],"wp:term":[{"taxonomy":"product_brand","embeddable":true,"href":"https:\/\/lojaopening.com.br\/shopp\/wp-json\/wp\/v2\/product_brand?post=683"},{"taxonomy":"product_cat","embeddable":true,"href":"https:\/\/lojaopening.com.br\/shopp\/wp-json\/wp\/v2\/product_cat?post=683"},{"taxonomy":"product_tag","embeddable":true,"href":"https:\/\/lojaopening.com.br\/shopp\/wp-json\/wp\/v2\/product_tag?post=683"}],"curies":[{"name":"wp","href":"https:\/\/api.w.org\/{rel}","templated":true}]}}