{"id":715,"date":"2020-09-04T04:01:04","date_gmt":"2020-09-04T04:01:04","guid":{"rendered":"https:\/\/adsvance.me\/lojaopw\/produto\/placa-de-video-evga-e-geforce-6200-256mc-ddr2-agp8x\/"},"modified":"2023-05-27T19:49:28","modified_gmt":"2023-05-27T19:49:28","slug":"placa-de-v%eddeo-evga-e%252dgeforce-6200-256mc-ddr2-agp8x","status":"publish","type":"product","link":"https:\/\/lojaopening.com.br\/shopp\/produto\/placa-de-v%eddeo-evga-e%252dgeforce-6200-256mc-ddr2-agp8x\/","title":{"rendered":"Placa de v\u00eddeo EVGA E-GEFORCE 6200 256MC DDR2 AGP8X"},"content":{"rendered":"<p>A GeForce 6200, AGP8X GPUs entregam o melhor da sua performance e caracter\u00edsticas de classe a um pre\u00e7o excelente. Esta \u00e9 uma GPU nativa que oferece custos mais baixos, enquanto ainda maintainng cor com qualidade de est\u00fadio e do desempenho l\u00edder da ind\u00fastria e da estabilidade driver de rocha s\u00f3lida que voc\u00ea espera da NVIDIA. Processador gr\u00e1fico: NVIDIA GeForce 6200 Mem\u00f3ria\/ Tecnologia: 256 MB (DDR SDRAM) Interface: AGP 8x Compatibilidade: PC <\/p>\n","protected":false},"excerpt":{"rendered":"<p>Placa de v\u00eddeo EVGA E-GEFORCE 6200 256MC DDR2 AGP8X<\/p>\n","protected":false},"featured_media":870,"template":"","meta":[],"product_brand":[],"product_cat":[623,43],"product_tag":[],"class_list":{"0":"post-715","1":"product","2":"type-product","3":"status-publish","4":"has-post-thumbnail","6":"product_cat-evga","7":"product_cat-informatica","9":"first","10":"onbackorder","11":"shipping-taxable","12":"purchasable","13":"product-type-simple"},"yoast_head":"<!-- This site is optimized with the Yoast SEO plugin v27.2 - https:\/\/yoast.com\/product\/yoast-seo-wordpress\/ -->\n<title>Placa de v\u00eddeo EVGA E-GEFORCE 6200 256MC DDR2 AGP8X - Loja Opening<\/title>\n<meta name=\"robots\" content=\"index, follow, max-snippet:-1, max-image-preview:large, max-video-preview:-1\" \/>\n<link rel=\"canonical\" href=\"https:\/\/lojaopening.com.br\/shopp\/produto\/placa-de-v?deo-evga-e%2dgeforce-6200-256mc-ddr2-agp8x\/\" \/>\n<meta property=\"og:locale\" content=\"pt_PT\" \/>\n<meta property=\"og:type\" content=\"article\" \/>\n<meta property=\"og:title\" content=\"Placa de v\u00eddeo EVGA E-GEFORCE 6200 256MC DDR2 AGP8X - Loja Opening\" \/>\n<meta property=\"og:description\" content=\"Placa de v\u00eddeo EVGA E-GEFORCE 6200 256MC DDR2 AGP8X\" \/>\n<meta property=\"og:url\" content=\"\" \/>\n<meta property=\"og:site_name\" content=\"Loja Opening\" \/>\n<meta property=\"article:modified_time\" content=\"2023-05-27T19:49:28+00:00\" \/>\n<meta property=\"og:image\" content=\"https:\/\/lojaopening.com.br\/wp-content\/uploads\/2020\/09\/Placa-de-vEDdeo-EVGA-E252dGEFORCE-6200-256MC-DDR2-AGP8X.jpg\" \/>\n\t<meta property=\"og:image:width\" content=\"556\" \/>\n\t<meta property=\"og:image:height\" content=\"400\" \/>\n\t<meta property=\"og:image:type\" content=\"image\/jpeg\" \/>\n<meta name=\"twitter:card\" content=\"summary_large_image\" \/>\n<script type=\"application\/ld+json\" class=\"yoast-schema-graph\">{\"@context\":\"https:\/\/schema.org\",\"@graph\":[{\"@type\":\"WebPage\",\"@id\":\"https:\/\/lojaopening.com.br\/shopp\/produto\/placa-de-v%eddeo-evga-e%252dgeforce-6200-256mc-ddr2-agp8x\/\",\"url\":\"https:\/\/lojaopening.com.br\/shopp\/produto\/placa-de-v%eddeo-evga-e%252dgeforce-6200-256mc-ddr2-agp8x\/\",\"name\":\"Placa de v\u00eddeo EVGA E-GEFORCE 6200 256MC DDR2 AGP8X - Loja Opening\",\"isPartOf\":{\"@id\":\"https:\/\/lojaopening.com.br\/shopp\/#website\"},\"primaryImageOfPage\":{\"@id\":\"https:\/\/lojaopening.com.br\/shopp\/produto\/placa-de-v%eddeo-evga-e%252dgeforce-6200-256mc-ddr2-agp8x\/#primaryimage\"},\"image\":{\"@id\":\"https:\/\/lojaopening.com.br\/shopp\/produto\/placa-de-v%eddeo-evga-e%252dgeforce-6200-256mc-ddr2-agp8x\/#primaryimage\"},\"thumbnailUrl\":\"https:\/\/lojaopening.com.br\/wp-content\/uploads\/2020\/09\/Placa-de-vEDdeo-EVGA-E252dGEFORCE-6200-256MC-DDR2-AGP8X.jpg\",\"datePublished\":\"2020-09-04T04:01:04+00:00\",\"dateModified\":\"2023-05-27T19:49:28+00:00\",\"breadcrumb\":{\"@id\":\"https:\/\/lojaopening.com.br\/shopp\/produto\/placa-de-v%eddeo-evga-e%252dgeforce-6200-256mc-ddr2-agp8x\/#breadcrumb\"},\"inLanguage\":\"pt-PT\",\"potentialAction\":[{\"@type\":\"ReadAction\",\"target\":[\"https:\/\/lojaopening.com.br\/shopp\/produto\/placa-de-v%eddeo-evga-e%252dgeforce-6200-256mc-ddr2-agp8x\/\"]}]},{\"@type\":\"ImageObject\",\"inLanguage\":\"pt-PT\",\"@id\":\"https:\/\/lojaopening.com.br\/shopp\/produto\/placa-de-v%eddeo-evga-e%252dgeforce-6200-256mc-ddr2-agp8x\/#primaryimage\",\"url\":\"https:\/\/lojaopening.com.br\/wp-content\/uploads\/2020\/09\/Placa-de-vEDdeo-EVGA-E252dGEFORCE-6200-256MC-DDR2-AGP8X.jpg\",\"contentUrl\":\"https:\/\/lojaopening.com.br\/wp-content\/uploads\/2020\/09\/Placa-de-vEDdeo-EVGA-E252dGEFORCE-6200-256MC-DDR2-AGP8X.jpg\",\"width\":556,\"height\":400},{\"@type\":\"BreadcrumbList\",\"@id\":\"https:\/\/lojaopening.com.br\/shopp\/produto\/placa-de-v%eddeo-evga-e%252dgeforce-6200-256mc-ddr2-agp8x\/#breadcrumb\",\"itemListElement\":[{\"@type\":\"ListItem\",\"position\":1,\"name\":\"In\u00edcio\",\"item\":\"https:\/\/lojaopening.com.br\/shopp\/\"},{\"@type\":\"ListItem\",\"position\":2,\"name\":\"Shop\",\"item\":\"https:\/\/lojaopening.com.br\/shopp\/shopp\/\"},{\"@type\":\"ListItem\",\"position\":3,\"name\":\"Placa de v\u00eddeo EVGA E-GEFORCE 6200 256MC DDR2 AGP8X\"}]},{\"@type\":\"WebSite\",\"@id\":\"https:\/\/lojaopening.com.br\/shopp\/#website\",\"url\":\"https:\/\/lojaopening.com.br\/shopp\/\",\"name\":\"Loja Opening\",\"description\":\"\",\"publisher\":{\"@id\":\"https:\/\/lojaopening.com.br\/shopp\/#organization\"},\"potentialAction\":[{\"@type\":\"SearchAction\",\"target\":{\"@type\":\"EntryPoint\",\"urlTemplate\":\"https:\/\/lojaopening.com.br\/shopp\/?s={search_term_string}\"},\"query-input\":{\"@type\":\"PropertyValueSpecification\",\"valueRequired\":true,\"valueName\":\"search_term_string\"}}],\"inLanguage\":\"pt-PT\"},{\"@type\":\"Organization\",\"@id\":\"https:\/\/lojaopening.com.br\/shopp\/#organization\",\"name\":\"Opening World Coml Import Export Ltda\",\"url\":\"https:\/\/lojaopening.com.br\/shopp\/\",\"logo\":{\"@type\":\"ImageObject\",\"inLanguage\":\"pt-PT\",\"@id\":\"https:\/\/lojaopening.com.br\/shopp\/#\/schema\/logo\/image\/\",\"url\":\"https:\/\/lojaopening.com.br\/wp-content\/uploads\/2020\/09\/logo_header.png\",\"contentUrl\":\"https:\/\/lojaopening.com.br\/wp-content\/uploads\/2020\/09\/logo_header.png\",\"width\":1279,\"height\":328,\"caption\":\"Opening World Coml Import Export Ltda\"},\"image\":{\"@id\":\"https:\/\/lojaopening.com.br\/shopp\/#\/schema\/logo\/image\/\"}}]}<\/script>\n<!-- \/ Yoast SEO plugin. -->","yoast_head_json":{"title":"Placa de v\u00eddeo EVGA E-GEFORCE 6200 256MC DDR2 AGP8X - Loja Opening","robots":{"index":"index","follow":"follow","max-snippet":"max-snippet:-1","max-image-preview":"max-image-preview:large","max-video-preview":"max-video-preview:-1"},"canonical":"https:\/\/lojaopening.com.br\/shopp\/produto\/placa-de-v?deo-evga-e%2dgeforce-6200-256mc-ddr2-agp8x\/","og_locale":"pt_PT","og_type":"article","og_title":"Placa de v\u00eddeo EVGA E-GEFORCE 6200 256MC DDR2 AGP8X - Loja Opening","og_description":"Placa de v\u00eddeo EVGA E-GEFORCE 6200 256MC DDR2 AGP8X","og_url":"https:\/\/lojaopening.com.br\/shopp\/produto\/placa-de-v?deo-evga-e%2dgeforce-6200-256mc-ddr2-agp8x\/","og_site_name":"Loja Opening","article_modified_time":"2023-05-27T19:49:28+00:00","og_image":[{"width":556,"height":400,"url":"https:\/\/lojaopening.com.br\/wp-content\/uploads\/2020\/09\/Placa-de-vEDdeo-EVGA-E252dGEFORCE-6200-256MC-DDR2-AGP8X.jpg","type":"image\/jpeg"}],"twitter_card":"summary_large_image","schema":{"@context":"https:\/\/schema.org","@graph":[{"@type":"WebPage","@id":"https:\/\/lojaopening.com.br\/shopp\/produto\/placa-de-v%eddeo-evga-e%252dgeforce-6200-256mc-ddr2-agp8x\/","url":"https:\/\/lojaopening.com.br\/shopp\/produto\/placa-de-v%eddeo-evga-e%252dgeforce-6200-256mc-ddr2-agp8x\/","name":"Placa de v\u00eddeo EVGA E-GEFORCE 6200 256MC DDR2 AGP8X - Loja Opening","isPartOf":{"@id":"https:\/\/lojaopening.com.br\/shopp\/#website"},"primaryImageOfPage":{"@id":"https:\/\/lojaopening.com.br\/shopp\/produto\/placa-de-v%eddeo-evga-e%252dgeforce-6200-256mc-ddr2-agp8x\/#primaryimage"},"image":{"@id":"https:\/\/lojaopening.com.br\/shopp\/produto\/placa-de-v%eddeo-evga-e%252dgeforce-6200-256mc-ddr2-agp8x\/#primaryimage"},"thumbnailUrl":"https:\/\/lojaopening.com.br\/wp-content\/uploads\/2020\/09\/Placa-de-vEDdeo-EVGA-E252dGEFORCE-6200-256MC-DDR2-AGP8X.jpg","datePublished":"2020-09-04T04:01:04+00:00","dateModified":"2023-05-27T19:49:28+00:00","breadcrumb":{"@id":"https:\/\/lojaopening.com.br\/shopp\/produto\/placa-de-v%eddeo-evga-e%252dgeforce-6200-256mc-ddr2-agp8x\/#breadcrumb"},"inLanguage":"pt-PT","potentialAction":[{"@type":"ReadAction","target":["https:\/\/lojaopening.com.br\/shopp\/produto\/placa-de-v%eddeo-evga-e%252dgeforce-6200-256mc-ddr2-agp8x\/"]}]},{"@type":"ImageObject","inLanguage":"pt-PT","@id":"https:\/\/lojaopening.com.br\/shopp\/produto\/placa-de-v%eddeo-evga-e%252dgeforce-6200-256mc-ddr2-agp8x\/#primaryimage","url":"https:\/\/lojaopening.com.br\/wp-content\/uploads\/2020\/09\/Placa-de-vEDdeo-EVGA-E252dGEFORCE-6200-256MC-DDR2-AGP8X.jpg","contentUrl":"https:\/\/lojaopening.com.br\/wp-content\/uploads\/2020\/09\/Placa-de-vEDdeo-EVGA-E252dGEFORCE-6200-256MC-DDR2-AGP8X.jpg","width":556,"height":400},{"@type":"BreadcrumbList","@id":"https:\/\/lojaopening.com.br\/shopp\/produto\/placa-de-v%eddeo-evga-e%252dgeforce-6200-256mc-ddr2-agp8x\/#breadcrumb","itemListElement":[{"@type":"ListItem","position":1,"name":"In\u00edcio","item":"https:\/\/lojaopening.com.br\/shopp\/"},{"@type":"ListItem","position":2,"name":"Shop","item":"https:\/\/lojaopening.com.br\/shopp\/shopp\/"},{"@type":"ListItem","position":3,"name":"Placa de v\u00eddeo EVGA E-GEFORCE 6200 256MC DDR2 AGP8X"}]},{"@type":"WebSite","@id":"https:\/\/lojaopening.com.br\/shopp\/#website","url":"https:\/\/lojaopening.com.br\/shopp\/","name":"Loja Opening","description":"","publisher":{"@id":"https:\/\/lojaopening.com.br\/shopp\/#organization"},"potentialAction":[{"@type":"SearchAction","target":{"@type":"EntryPoint","urlTemplate":"https:\/\/lojaopening.com.br\/shopp\/?s={search_term_string}"},"query-input":{"@type":"PropertyValueSpecification","valueRequired":true,"valueName":"search_term_string"}}],"inLanguage":"pt-PT"},{"@type":"Organization","@id":"https:\/\/lojaopening.com.br\/shopp\/#organization","name":"Opening World Coml Import Export Ltda","url":"https:\/\/lojaopening.com.br\/shopp\/","logo":{"@type":"ImageObject","inLanguage":"pt-PT","@id":"https:\/\/lojaopening.com.br\/shopp\/#\/schema\/logo\/image\/","url":"https:\/\/lojaopening.com.br\/wp-content\/uploads\/2020\/09\/logo_header.png","contentUrl":"https:\/\/lojaopening.com.br\/wp-content\/uploads\/2020\/09\/logo_header.png","width":1279,"height":328,"caption":"Opening World Coml Import Export Ltda"},"image":{"@id":"https:\/\/lojaopening.com.br\/shopp\/#\/schema\/logo\/image\/"}}]}},"_links":{"self":[{"href":"https:\/\/lojaopening.com.br\/shopp\/wp-json\/wp\/v2\/product\/715","targetHints":{"allow":["GET"]}}],"collection":[{"href":"https:\/\/lojaopening.com.br\/shopp\/wp-json\/wp\/v2\/product"}],"about":[{"href":"https:\/\/lojaopening.com.br\/shopp\/wp-json\/wp\/v2\/types\/product"}],"wp:featuredmedia":[{"embeddable":true,"href":"https:\/\/lojaopening.com.br\/shopp\/wp-json\/wp\/v2\/media\/870"}],"wp:attachment":[{"href":"https:\/\/lojaopening.com.br\/shopp\/wp-json\/wp\/v2\/media?parent=715"}],"wp:term":[{"taxonomy":"product_brand","embeddable":true,"href":"https:\/\/lojaopening.com.br\/shopp\/wp-json\/wp\/v2\/product_brand?post=715"},{"taxonomy":"product_cat","embeddable":true,"href":"https:\/\/lojaopening.com.br\/shopp\/wp-json\/wp\/v2\/product_cat?post=715"},{"taxonomy":"product_tag","embeddable":true,"href":"https:\/\/lojaopening.com.br\/shopp\/wp-json\/wp\/v2\/product_tag?post=715"}],"curies":[{"name":"wp","href":"https:\/\/api.w.org\/{rel}","templated":true}]}}