{"id":716,"date":"2020-09-04T04:01:14","date_gmt":"2020-09-04T04:01:14","guid":{"rendered":"https:\/\/adsvance.me\/lojaopw\/produto\/servidor-de-impressao-trendnet-1-port-multi-function-usb-print-server-te100-mfp1\/"},"modified":"2023-05-27T19:49:27","modified_gmt":"2023-05-27T19:49:27","slug":"servidor-de-impress%e3o-trendnet-1%252dport-multi%252dfunction-usb-print-server-te100%252dmfp1","status":"publish","type":"product","link":"https:\/\/lojaopening.com.br\/shopp\/produto\/servidor-de-impress%e3o-trendnet-1%252dport-multi%252dfunction-usb-print-server-te100%252dmfp1\/","title":{"rendered":"Servidor de Impress\u00e3o TRENDnet 1-Port Multi-Function USB Print Server TE100-MFP1"},"content":{"rendered":"<p>O servidor de impress\u00e3o multifuncional USB 1 porta TRENDnet, modelo TE100-MFP1, transforma a maioria das impressoras stand-alone USB multifuncionais e convencionais em uma solu\u00e7\u00e3o de rede compartilhada. Instale sua impressora multifuncional no local mais conveniente e ent\u00e3o conecte o compacto TE100-MFP1 em uma rede cabeada. Um utilit\u00e1rio intuitivo suporta sistemas operacionais Windows e Mac e fornece ao usu\u00e1rio uma experi\u00eancia perfeita. Funcionalidades de scanner, fax e impressora de qualquer esta\u00e7\u00e3o de trabalho em rede. Este compacto dispositivo se ad\u00e9qua nos menores espa\u00e7os. \u00a0 Caracter\u00edsticas 1 porta Fast Ethernet 10\/100 Mbps Auto-MDIX 1 porta USB 2.0 de alta velocidade Compat\u00edvel com dispositivos USB 1.1 Utilit\u00e1rio de controle suporta sistemas operacionais Windows 7 (32\/64-bit) \/ Vista (32\/64-bit) \/ Windows XP(32\/64-bit) e Mac OS X 10.4\/10.5\/10.6\/10.7 Suporta a maioria das impressoras multifuncionais All-In-One e impressoras convencionais USB Compartilhe impressoras multifuncionais e impressoras convencionais USB atrav\u00e9s da rede Utilit\u00e1rio de controle inclui fun\u00e7\u00e3o de scanner* Suporta tecnologia NetUSB* Compartilhe dispositivos perif\u00e9ricos USB pela internet, tais como: c\u00e2meras digitais, webcams, alto-falantes, iPods \u2122, mem\u00f3rias Flash, HDs externos, impressoras e leitores de cart\u00e3o de mem\u00f3ria* Instala\u00e7\u00e3o universal Plug &amp; Play (UPnP) LEDs de diagn\u00f3stico Garantia limitada de 2 anos \u00a0 * \u00c9 necess\u00e1rio instalar o utilit\u00e1rio de controle em cada computador que ir\u00e1 acessar o servidor de impress\u00e3o \u00a0 Especifica\u00e7\u00f5es Hardware Padr\u00f5es IEEE 802.3 (10Base-T), IEEE 802.3u (100Base-TX), USB 1.1\/2.0 Porta LAN 1 porta Ethernet 10\/100 Mbps Auto-MDIX Portas USB 1 USB 2.0 Tipo-A LEDs Indicadores Energia, conex\u00e3o, atividade e USB Protocolos TCP\/ IP Suportados DHCP Sistemas Operacionais Suportados pelo utilit\u00e1rio de controle Windows\u00ae 8.1, 8, 7, Vista, XP Mac OS\u00ae 10.4-10.9 Dispositivos USB Suportados M\u00e1ximo 127 Bot\u00e3o Reset: restaura configura\u00e7\u00f5es de f\u00e1brica Alimenta\u00e7\u00e3o Entrada: 120 ~ 240 VAC, 50~60 Hz Sa\u00edda: 12 V DC, 1.5 A Consumo de Energia 1.9 Watt (m\u00e1x.) Dimens\u00f5es 75 x 58 x 24 mm Peso 60 g Temperatura Armazenagem: -10 ~ 60\u00b0C Opera\u00e7\u00e3o: 5 ~ 40\u00b0C Umidade M\u00e1x. 90% (sem condensa\u00e7\u00e3o) Certifica\u00e7\u00f5es CE, FCC Projeto com TE100-MFP1 \u00a0 \u00a0 \u00a0 NCM: 8517.62.59 ICMS incluso: 4% &#8211; Pago anteriormente por substitui\u00e7\u00e3o tribut\u00e1ria CST: 260 Pre\u00e7os v\u00e1lidos para faturamento para empresas com CNPJ ativo, CONSUMIDOR FINAL, CONTRIBUINTE para uso e consumo pr\u00f3prio\/ATIVO<\/p>\n","protected":false},"excerpt":{"rendered":"<p>Servidor de Impress\u00e3o TRENDnet 1-Port Multi-Function USB Print Server TE100-MFP1TE100-MFP1<\/p>\n","protected":false},"featured_media":843,"template":"","meta":[],"product_brand":[],"product_cat":[44,114],"product_tag":[],"class_list":{"0":"post-716","1":"product","2":"type-product","3":"status-publish","4":"has-post-thumbnail","6":"product_cat-informatica-industrial","7":"product_cat-trendnet","9":"first","10":"onbackorder","11":"shipping-taxable","12":"purchasable","13":"product-type-simple"},"yoast_head":"<!-- This site is optimized with the Yoast SEO plugin v27.2 - https:\/\/yoast.com\/product\/yoast-seo-wordpress\/ -->\n<title>Servidor de Impress\u00e3o TRENDnet 1-Port Multi-Function USB Print Server TE100-MFP1 - Loja Opening<\/title>\n<meta name=\"robots\" content=\"index, follow, max-snippet:-1, max-image-preview:large, max-video-preview:-1\" \/>\n<link rel=\"canonical\" href=\"https:\/\/lojaopening.com.br\/shopp\/produto\/servidor-de-impress?o-trendnet-1%2dport-multi%2dfunction-usb-print-server-te100%2dmfp1\/\" \/>\n<meta property=\"og:locale\" content=\"pt_PT\" \/>\n<meta property=\"og:type\" content=\"article\" \/>\n<meta property=\"og:title\" content=\"Servidor de Impress\u00e3o TRENDnet 1-Port Multi-Function USB Print Server TE100-MFP1 - Loja Opening\" \/>\n<meta property=\"og:description\" content=\"Servidor de Impress\u00e3o TRENDnet 1-Port Multi-Function USB Print Server TE100-MFP1TE100-MFP1\" \/>\n<meta property=\"og:url\" content=\"\" \/>\n<meta property=\"og:site_name\" content=\"Loja Opening\" \/>\n<meta property=\"article:modified_time\" content=\"2023-05-27T19:49:27+00:00\" \/>\n<meta property=\"og:image\" content=\"https:\/\/lojaopening.com.br\/wp-content\/uploads\/2020\/09\/Servidor-de-ImpressE3o-TRENDnet-1252dPort-Multi252dFunction-USB-Print-Server-TE100252dMFP1.jpg\" \/>\n\t<meta property=\"og:image:width\" content=\"300\" \/>\n\t<meta property=\"og:image:height\" content=\"300\" \/>\n\t<meta property=\"og:image:type\" content=\"image\/jpeg\" \/>\n<meta name=\"twitter:card\" content=\"summary_large_image\" \/>\n<meta name=\"twitter:label1\" content=\"Tempo estimado de leitura\" \/>\n\t<meta name=\"twitter:data1\" content=\"2 minutos\" \/>\n<script type=\"application\/ld+json\" class=\"yoast-schema-graph\">{\"@context\":\"https:\/\/schema.org\",\"@graph\":[{\"@type\":\"WebPage\",\"@id\":\"https:\/\/lojaopening.com.br\/shopp\/produto\/servidor-de-impress%e3o-trendnet-1%252dport-multi%252dfunction-usb-print-server-te100%252dmfp1\/\",\"url\":\"https:\/\/lojaopening.com.br\/shopp\/produto\/servidor-de-impress%e3o-trendnet-1%252dport-multi%252dfunction-usb-print-server-te100%252dmfp1\/\",\"name\":\"Servidor de Impress\u00e3o TRENDnet 1-Port Multi-Function USB Print Server TE100-MFP1 - Loja Opening\",\"isPartOf\":{\"@id\":\"https:\/\/lojaopening.com.br\/shopp\/#website\"},\"primaryImageOfPage\":{\"@id\":\"https:\/\/lojaopening.com.br\/shopp\/produto\/servidor-de-impress%e3o-trendnet-1%252dport-multi%252dfunction-usb-print-server-te100%252dmfp1\/#primaryimage\"},\"image\":{\"@id\":\"https:\/\/lojaopening.com.br\/shopp\/produto\/servidor-de-impress%e3o-trendnet-1%252dport-multi%252dfunction-usb-print-server-te100%252dmfp1\/#primaryimage\"},\"thumbnailUrl\":\"https:\/\/lojaopening.com.br\/wp-content\/uploads\/2020\/09\/Servidor-de-ImpressE3o-TRENDnet-1252dPort-Multi252dFunction-USB-Print-Server-TE100252dMFP1.jpg\",\"datePublished\":\"2020-09-04T04:01:14+00:00\",\"dateModified\":\"2023-05-27T19:49:27+00:00\",\"breadcrumb\":{\"@id\":\"https:\/\/lojaopening.com.br\/shopp\/produto\/servidor-de-impress%e3o-trendnet-1%252dport-multi%252dfunction-usb-print-server-te100%252dmfp1\/#breadcrumb\"},\"inLanguage\":\"pt-PT\",\"potentialAction\":[{\"@type\":\"ReadAction\",\"target\":[\"https:\/\/lojaopening.com.br\/shopp\/produto\/servidor-de-impress%e3o-trendnet-1%252dport-multi%252dfunction-usb-print-server-te100%252dmfp1\/\"]}]},{\"@type\":\"ImageObject\",\"inLanguage\":\"pt-PT\",\"@id\":\"https:\/\/lojaopening.com.br\/shopp\/produto\/servidor-de-impress%e3o-trendnet-1%252dport-multi%252dfunction-usb-print-server-te100%252dmfp1\/#primaryimage\",\"url\":\"https:\/\/lojaopening.com.br\/wp-content\/uploads\/2020\/09\/Servidor-de-ImpressE3o-TRENDnet-1252dPort-Multi252dFunction-USB-Print-Server-TE100252dMFP1.jpg\",\"contentUrl\":\"https:\/\/lojaopening.com.br\/wp-content\/uploads\/2020\/09\/Servidor-de-ImpressE3o-TRENDnet-1252dPort-Multi252dFunction-USB-Print-Server-TE100252dMFP1.jpg\",\"width\":300,\"height\":300},{\"@type\":\"BreadcrumbList\",\"@id\":\"https:\/\/lojaopening.com.br\/shopp\/produto\/servidor-de-impress%e3o-trendnet-1%252dport-multi%252dfunction-usb-print-server-te100%252dmfp1\/#breadcrumb\",\"itemListElement\":[{\"@type\":\"ListItem\",\"position\":1,\"name\":\"In\u00edcio\",\"item\":\"https:\/\/lojaopening.com.br\/shopp\/\"},{\"@type\":\"ListItem\",\"position\":2,\"name\":\"Shop\",\"item\":\"https:\/\/lojaopening.com.br\/shopp\/shopp\/\"},{\"@type\":\"ListItem\",\"position\":3,\"name\":\"Servidor de Impress\u00e3o TRENDnet 1-Port Multi-Function USB Print Server TE100-MFP1\"}]},{\"@type\":\"WebSite\",\"@id\":\"https:\/\/lojaopening.com.br\/shopp\/#website\",\"url\":\"https:\/\/lojaopening.com.br\/shopp\/\",\"name\":\"Loja Opening\",\"description\":\"\",\"publisher\":{\"@id\":\"https:\/\/lojaopening.com.br\/shopp\/#organization\"},\"potentialAction\":[{\"@type\":\"SearchAction\",\"target\":{\"@type\":\"EntryPoint\",\"urlTemplate\":\"https:\/\/lojaopening.com.br\/shopp\/?s={search_term_string}\"},\"query-input\":{\"@type\":\"PropertyValueSpecification\",\"valueRequired\":true,\"valueName\":\"search_term_string\"}}],\"inLanguage\":\"pt-PT\"},{\"@type\":\"Organization\",\"@id\":\"https:\/\/lojaopening.com.br\/shopp\/#organization\",\"name\":\"Opening World Coml Import Export Ltda\",\"url\":\"https:\/\/lojaopening.com.br\/shopp\/\",\"logo\":{\"@type\":\"ImageObject\",\"inLanguage\":\"pt-PT\",\"@id\":\"https:\/\/lojaopening.com.br\/shopp\/#\/schema\/logo\/image\/\",\"url\":\"https:\/\/lojaopening.com.br\/wp-content\/uploads\/2020\/09\/logo_header.png\",\"contentUrl\":\"https:\/\/lojaopening.com.br\/wp-content\/uploads\/2020\/09\/logo_header.png\",\"width\":1279,\"height\":328,\"caption\":\"Opening World Coml Import Export Ltda\"},\"image\":{\"@id\":\"https:\/\/lojaopening.com.br\/shopp\/#\/schema\/logo\/image\/\"}}]}<\/script>\n<!-- \/ Yoast SEO plugin. -->","yoast_head_json":{"title":"Servidor de Impress\u00e3o TRENDnet 1-Port Multi-Function USB Print Server TE100-MFP1 - Loja Opening","robots":{"index":"index","follow":"follow","max-snippet":"max-snippet:-1","max-image-preview":"max-image-preview:large","max-video-preview":"max-video-preview:-1"},"canonical":"https:\/\/lojaopening.com.br\/shopp\/produto\/servidor-de-impress?o-trendnet-1%2dport-multi%2dfunction-usb-print-server-te100%2dmfp1\/","og_locale":"pt_PT","og_type":"article","og_title":"Servidor de Impress\u00e3o TRENDnet 1-Port Multi-Function USB Print Server TE100-MFP1 - Loja Opening","og_description":"Servidor de Impress\u00e3o TRENDnet 1-Port Multi-Function USB Print Server TE100-MFP1TE100-MFP1","og_url":"https:\/\/lojaopening.com.br\/shopp\/produto\/servidor-de-impress?o-trendnet-1%2dport-multi%2dfunction-usb-print-server-te100%2dmfp1\/","og_site_name":"Loja Opening","article_modified_time":"2023-05-27T19:49:27+00:00","og_image":[{"width":300,"height":300,"url":"https:\/\/lojaopening.com.br\/wp-content\/uploads\/2020\/09\/Servidor-de-ImpressE3o-TRENDnet-1252dPort-Multi252dFunction-USB-Print-Server-TE100252dMFP1.jpg","type":"image\/jpeg"}],"twitter_card":"summary_large_image","twitter_misc":{"Tempo estimado de leitura":"2 minutos"},"schema":{"@context":"https:\/\/schema.org","@graph":[{"@type":"WebPage","@id":"https:\/\/lojaopening.com.br\/shopp\/produto\/servidor-de-impress%e3o-trendnet-1%252dport-multi%252dfunction-usb-print-server-te100%252dmfp1\/","url":"https:\/\/lojaopening.com.br\/shopp\/produto\/servidor-de-impress%e3o-trendnet-1%252dport-multi%252dfunction-usb-print-server-te100%252dmfp1\/","name":"Servidor de Impress\u00e3o TRENDnet 1-Port Multi-Function USB Print Server TE100-MFP1 - Loja Opening","isPartOf":{"@id":"https:\/\/lojaopening.com.br\/shopp\/#website"},"primaryImageOfPage":{"@id":"https:\/\/lojaopening.com.br\/shopp\/produto\/servidor-de-impress%e3o-trendnet-1%252dport-multi%252dfunction-usb-print-server-te100%252dmfp1\/#primaryimage"},"image":{"@id":"https:\/\/lojaopening.com.br\/shopp\/produto\/servidor-de-impress%e3o-trendnet-1%252dport-multi%252dfunction-usb-print-server-te100%252dmfp1\/#primaryimage"},"thumbnailUrl":"https:\/\/lojaopening.com.br\/wp-content\/uploads\/2020\/09\/Servidor-de-ImpressE3o-TRENDnet-1252dPort-Multi252dFunction-USB-Print-Server-TE100252dMFP1.jpg","datePublished":"2020-09-04T04:01:14+00:00","dateModified":"2023-05-27T19:49:27+00:00","breadcrumb":{"@id":"https:\/\/lojaopening.com.br\/shopp\/produto\/servidor-de-impress%e3o-trendnet-1%252dport-multi%252dfunction-usb-print-server-te100%252dmfp1\/#breadcrumb"},"inLanguage":"pt-PT","potentialAction":[{"@type":"ReadAction","target":["https:\/\/lojaopening.com.br\/shopp\/produto\/servidor-de-impress%e3o-trendnet-1%252dport-multi%252dfunction-usb-print-server-te100%252dmfp1\/"]}]},{"@type":"ImageObject","inLanguage":"pt-PT","@id":"https:\/\/lojaopening.com.br\/shopp\/produto\/servidor-de-impress%e3o-trendnet-1%252dport-multi%252dfunction-usb-print-server-te100%252dmfp1\/#primaryimage","url":"https:\/\/lojaopening.com.br\/wp-content\/uploads\/2020\/09\/Servidor-de-ImpressE3o-TRENDnet-1252dPort-Multi252dFunction-USB-Print-Server-TE100252dMFP1.jpg","contentUrl":"https:\/\/lojaopening.com.br\/wp-content\/uploads\/2020\/09\/Servidor-de-ImpressE3o-TRENDnet-1252dPort-Multi252dFunction-USB-Print-Server-TE100252dMFP1.jpg","width":300,"height":300},{"@type":"BreadcrumbList","@id":"https:\/\/lojaopening.com.br\/shopp\/produto\/servidor-de-impress%e3o-trendnet-1%252dport-multi%252dfunction-usb-print-server-te100%252dmfp1\/#breadcrumb","itemListElement":[{"@type":"ListItem","position":1,"name":"In\u00edcio","item":"https:\/\/lojaopening.com.br\/shopp\/"},{"@type":"ListItem","position":2,"name":"Shop","item":"https:\/\/lojaopening.com.br\/shopp\/shopp\/"},{"@type":"ListItem","position":3,"name":"Servidor de Impress\u00e3o TRENDnet 1-Port Multi-Function USB Print Server TE100-MFP1"}]},{"@type":"WebSite","@id":"https:\/\/lojaopening.com.br\/shopp\/#website","url":"https:\/\/lojaopening.com.br\/shopp\/","name":"Loja Opening","description":"","publisher":{"@id":"https:\/\/lojaopening.com.br\/shopp\/#organization"},"potentialAction":[{"@type":"SearchAction","target":{"@type":"EntryPoint","urlTemplate":"https:\/\/lojaopening.com.br\/shopp\/?s={search_term_string}"},"query-input":{"@type":"PropertyValueSpecification","valueRequired":true,"valueName":"search_term_string"}}],"inLanguage":"pt-PT"},{"@type":"Organization","@id":"https:\/\/lojaopening.com.br\/shopp\/#organization","name":"Opening World Coml Import Export Ltda","url":"https:\/\/lojaopening.com.br\/shopp\/","logo":{"@type":"ImageObject","inLanguage":"pt-PT","@id":"https:\/\/lojaopening.com.br\/shopp\/#\/schema\/logo\/image\/","url":"https:\/\/lojaopening.com.br\/wp-content\/uploads\/2020\/09\/logo_header.png","contentUrl":"https:\/\/lojaopening.com.br\/wp-content\/uploads\/2020\/09\/logo_header.png","width":1279,"height":328,"caption":"Opening World Coml Import Export Ltda"},"image":{"@id":"https:\/\/lojaopening.com.br\/shopp\/#\/schema\/logo\/image\/"}}]}},"_links":{"self":[{"href":"https:\/\/lojaopening.com.br\/shopp\/wp-json\/wp\/v2\/product\/716","targetHints":{"allow":["GET"]}}],"collection":[{"href":"https:\/\/lojaopening.com.br\/shopp\/wp-json\/wp\/v2\/product"}],"about":[{"href":"https:\/\/lojaopening.com.br\/shopp\/wp-json\/wp\/v2\/types\/product"}],"wp:featuredmedia":[{"embeddable":true,"href":"https:\/\/lojaopening.com.br\/shopp\/wp-json\/wp\/v2\/media\/843"}],"wp:attachment":[{"href":"https:\/\/lojaopening.com.br\/shopp\/wp-json\/wp\/v2\/media?parent=716"}],"wp:term":[{"taxonomy":"product_brand","embeddable":true,"href":"https:\/\/lojaopening.com.br\/shopp\/wp-json\/wp\/v2\/product_brand?post=716"},{"taxonomy":"product_cat","embeddable":true,"href":"https:\/\/lojaopening.com.br\/shopp\/wp-json\/wp\/v2\/product_cat?post=716"},{"taxonomy":"product_tag","embeddable":true,"href":"https:\/\/lojaopening.com.br\/shopp\/wp-json\/wp\/v2\/product_tag?post=716"}],"curies":[{"name":"wp","href":"https:\/\/api.w.org\/{rel}","templated":true}]}}