{"id":737,"date":"2020-09-04T04:05:14","date_gmt":"2020-09-04T04:05:14","guid":{"rendered":"https:\/\/adsvance.me\/lojaopw\/produto\/suporte-para-monitor-lcd-modelo-advance-ld-ref-1052-grafite-air-micro\/"},"modified":"2023-05-27T19:21:26","modified_gmt":"2023-05-27T19:21:26","slug":"suporte-para-monitor-lcd-modelo-advance-ld-%252d-ref-1052-%252d-grafite-%252d-air-micro","status":"publish","type":"product","link":"https:\/\/lojaopening.com.br\/shopp\/produto\/suporte-para-monitor-lcd-modelo-advance-ld-%252d-ref-1052-%252d-grafite-%252d-air-micro\/","title":{"rendered":"Suporte  para monitor LCD modelo Advance LD &#8211; Ref. 1052 &#8211; Grafite &#8211; Air Micro"},"content":{"rendered":"<p>Advance LD \u00c9 ideal para monitor LCD\/LED que n\u00e3o possuem a fixa\u00e7\u00e3o tipo VESA, apoiando a pr\u00f3pria base do monitor na bandeja do suporte. O suporte \u00e9 instalado sobre a mesa, o que permite mais mobilidade ao produto. Pr\u00e1tico, possui regulagem milim\u00e9trica de altura atrav\u00e9s de roldana posicionada sob a bandeja girat\u00f3ria.  Com regulagem de altura Cintas de seguran\u00e7a; Instala\u00e7\u00e3o sem a necessidade de retirar o monitor da pr\u00f3pria base; Bandeja Girat\u00f3ria. Suporte para monitor LCD fabricado com tubo e chapa de a\u00e7o carbono com acabamento em pintura ep\u00f3xi.\u00a0 Desenvolvido para mesas e esta\u00e7\u00f5es de trabalho onde n\u00e3o \u00e9 poss\u00edvel a instala\u00e7\u00e3o de &#64257;xa\u00e7\u00f5es do tipo morsa ou no furo passa &#64257;o do tampo da mesa. Composto de uma base de a\u00e7o quadrado maci\u00e7o com prote\u00e7\u00e3o antiderrapante, possui mecanismo de regulagem de altura milim\u00e9trica de 80 a 180 mm,\u00a0 atrav\u00e9s de roldana posicionada sob a bandeja girat\u00f3ria. Dispositivo exclusivo para ajuste de inclina\u00e7\u00e3o da bandeja. Dimens\u00f5es da bandeja de 280 x 220 mm com cintos de seguran\u00e7a com regulador e &#64257;xa\u00e7\u00e3o em velcro. As partes em contato com com o monitor e o mobili\u00e1rio s\u00e3o revestidas com espuma de E.V.A. Cor: Grafite Capacidade de carga: 10 Kg  Peso: 2,670 Kg Regulagem de altura Produto em conformidade com a Norma Regulamentadora NR 17  17.4.3.\u00a0Os\u00a0equipamentos\u00a0utilizados\u00a0no\u00a0processamento\u00a0eletr\u00f4nico\u00a0de\u00a0dados\u00a0com\u00a0terminais\u00a0de\u00a0v\u00eddeo\u00a0devem\u00a0observar\u00a0o\u00a0seguinte: a)\u00a0condi\u00e7\u00f5es\u00a0de\u00a0mobilidade\u00a0suicientes\u00a0para\u00a0permitir\u00a0o\u00a0ajuste\u00a0da\u00a0tela\u00a0do\u00a0equipamento\u00a0\u00e0\u00a0ilumina\u00e7\u00e3o\u00a0do\u00a0ambiente,\u00a0protegendo-a\u00a0contra\u00a0relexos,\u00a0e\u00a0proporcionar\u00a0corretos\u00a0\u00e2ngulos\u00a0de\u00a0visibilidade\u00a0ao\u00a0trabalhador;  b)\u00a0o\u00a0teclado\u00a0deve\u00a0ser\u00a0independente\u00a0e\u00a0ter\u00a0mobilidade,\u00a0permitindo\u00a0ao\u00a0trabalhador\u00a0ajust\u00e1-lo\u00a0de\u00a0acordo\u00a0com\u00a0as\u00a0tarefas\u00a0a\u00a0serem\u00a0executadas;  c)\u00a0a\u00a0tela,\u00a0o\u00a0teclado\u00a0e\u00a0o\u00a0suporte\u00a0para\u00a0documentos\u00a0devem\u00a0ser\u00a0colocados\u00a0de\u00a0maneira\u00a0que\u00a0as\u00a0dist\u00e2ncias\u00a0olho-tela,\u00a0olho-\u00a0teclado\u00a0e\u00a0olho-documento\u00a0sejam\u00a0aproximadamente\u00a0iguais;  d)\u00a0serem\u00a0posicionados\u00a0em\u00a0super\u00edcies\u00a0de\u00a0trabalho\u00a0com\u00a0altura\u00a0ajust\u00e1vel NCM: 9403.20.00  ICMS incluso: 18%  CST: 000  Pre\u00e7os v\u00e1lidos para faturamento para empresas com CNPJ ativo, CONSUMIDOR FINAL, CONTRIBUINTE para uso e consumo pr\u00f3prio\/ATIVO \u00a0 \u00a0 \u00a0 \u00a0 \u00a0<\/p>\n","protected":false},"excerpt":{"rendered":"<p>Suporte  para monitor LCD modelo Advance LD &#8211; Ref. 1052 &#8211; Grafite &#8211; Air Micro1052<\/p>\n","protected":false},"featured_media":869,"template":"","meta":[],"product_brand":[],"product_cat":[230,43],"product_tag":[],"class_list":{"0":"post-737","1":"product","2":"type-product","3":"status-publish","4":"has-post-thumbnail","6":"product_cat-air-micro","7":"product_cat-informatica","9":"first","10":"onbackorder","11":"shipping-taxable","12":"purchasable","13":"product-type-simple"},"yoast_head":"<!-- This site is optimized with the Yoast SEO plugin v27.2 - https:\/\/yoast.com\/product\/yoast-seo-wordpress\/ -->\n<title>Suporte para monitor LCD modelo Advance LD - Ref. 1052 - Grafite - Air Micro - Loja Opening<\/title>\n<meta name=\"robots\" content=\"index, follow, max-snippet:-1, max-image-preview:large, max-video-preview:-1\" \/>\n<link rel=\"canonical\" href=\"https:\/\/lojaopening.com.br\/shopp\/produto\/suporte-para-monitor-lcd-modelo-advance-ld-%2d-ref-1052-%2d-grafite-%2d-air-micro\/\" \/>\n<meta property=\"og:locale\" content=\"pt_PT\" \/>\n<meta property=\"og:type\" content=\"article\" \/>\n<meta property=\"og:title\" content=\"Suporte para monitor LCD modelo Advance LD - Ref. 1052 - Grafite - Air Micro - Loja Opening\" \/>\n<meta property=\"og:description\" content=\"Suporte para monitor LCD modelo Advance LD - Ref. 1052 - Grafite - Air Micro1052\" \/>\n<meta property=\"og:url\" content=\"https:\/\/lojaopening.com.br\/shopp\/produto\/suporte-para-monitor-lcd-modelo-advance-ld-%2d-ref-1052-%2d-grafite-%2d-air-micro\/\" \/>\n<meta property=\"og:site_name\" content=\"Loja Opening\" \/>\n<meta property=\"article:modified_time\" content=\"2023-05-27T19:21:26+00:00\" \/>\n<meta property=\"og:image\" content=\"https:\/\/lojaopening.com.br\/wp-content\/uploads\/2020\/09\/Suporte-para-monitor-LCD-modelo-Advance-LD-252d-Ref.-1052-252d-Grafite-252d-Air-Micro.jpg\" \/>\n\t<meta property=\"og:image:width\" content=\"460\" \/>\n\t<meta property=\"og:image:height\" content=\"318\" \/>\n\t<meta property=\"og:image:type\" content=\"image\/jpeg\" \/>\n<meta name=\"twitter:card\" content=\"summary_large_image\" \/>\n<meta name=\"twitter:label1\" content=\"Tempo estimado de leitura\" \/>\n\t<meta name=\"twitter:data1\" content=\"2 minutos\" \/>\n<script type=\"application\/ld+json\" class=\"yoast-schema-graph\">{\"@context\":\"https:\/\/schema.org\",\"@graph\":[{\"@type\":\"WebPage\",\"@id\":\"https:\/\/lojaopening.com.br\/shopp\/produto\/suporte-para-monitor-lcd-modelo-advance-ld-%252d-ref-1052-%252d-grafite-%252d-air-micro\/\",\"url\":\"https:\/\/lojaopening.com.br\/shopp\/produto\/suporte-para-monitor-lcd-modelo-advance-ld-%252d-ref-1052-%252d-grafite-%252d-air-micro\/\",\"name\":\"Suporte para monitor LCD modelo Advance LD - Ref. 1052 - Grafite - Air Micro - Loja Opening\",\"isPartOf\":{\"@id\":\"https:\/\/lojaopening.com.br\/shopp\/#website\"},\"primaryImageOfPage\":{\"@id\":\"https:\/\/lojaopening.com.br\/shopp\/produto\/suporte-para-monitor-lcd-modelo-advance-ld-%252d-ref-1052-%252d-grafite-%252d-air-micro\/#primaryimage\"},\"image\":{\"@id\":\"https:\/\/lojaopening.com.br\/shopp\/produto\/suporte-para-monitor-lcd-modelo-advance-ld-%252d-ref-1052-%252d-grafite-%252d-air-micro\/#primaryimage\"},\"thumbnailUrl\":\"https:\/\/lojaopening.com.br\/wp-content\/uploads\/2020\/09\/Suporte-para-monitor-LCD-modelo-Advance-LD-252d-Ref.-1052-252d-Grafite-252d-Air-Micro.jpg\",\"datePublished\":\"2020-09-04T04:05:14+00:00\",\"dateModified\":\"2023-05-27T19:21:26+00:00\",\"breadcrumb\":{\"@id\":\"https:\/\/lojaopening.com.br\/shopp\/produto\/suporte-para-monitor-lcd-modelo-advance-ld-%252d-ref-1052-%252d-grafite-%252d-air-micro\/#breadcrumb\"},\"inLanguage\":\"pt-PT\",\"potentialAction\":[{\"@type\":\"ReadAction\",\"target\":[\"https:\/\/lojaopening.com.br\/shopp\/produto\/suporte-para-monitor-lcd-modelo-advance-ld-%252d-ref-1052-%252d-grafite-%252d-air-micro\/\"]}]},{\"@type\":\"ImageObject\",\"inLanguage\":\"pt-PT\",\"@id\":\"https:\/\/lojaopening.com.br\/shopp\/produto\/suporte-para-monitor-lcd-modelo-advance-ld-%252d-ref-1052-%252d-grafite-%252d-air-micro\/#primaryimage\",\"url\":\"https:\/\/lojaopening.com.br\/wp-content\/uploads\/2020\/09\/Suporte-para-monitor-LCD-modelo-Advance-LD-252d-Ref.-1052-252d-Grafite-252d-Air-Micro.jpg\",\"contentUrl\":\"https:\/\/lojaopening.com.br\/wp-content\/uploads\/2020\/09\/Suporte-para-monitor-LCD-modelo-Advance-LD-252d-Ref.-1052-252d-Grafite-252d-Air-Micro.jpg\",\"width\":460,\"height\":318},{\"@type\":\"BreadcrumbList\",\"@id\":\"https:\/\/lojaopening.com.br\/shopp\/produto\/suporte-para-monitor-lcd-modelo-advance-ld-%252d-ref-1052-%252d-grafite-%252d-air-micro\/#breadcrumb\",\"itemListElement\":[{\"@type\":\"ListItem\",\"position\":1,\"name\":\"In\u00edcio\",\"item\":\"https:\/\/lojaopening.com.br\/shopp\/\"},{\"@type\":\"ListItem\",\"position\":2,\"name\":\"Shop\",\"item\":\"https:\/\/lojaopening.com.br\/shopp\/shopp\/\"},{\"@type\":\"ListItem\",\"position\":3,\"name\":\"Suporte para monitor LCD modelo Advance LD &#8211; Ref. 1052 &#8211; Grafite &#8211; Air Micro\"}]},{\"@type\":\"WebSite\",\"@id\":\"https:\/\/lojaopening.com.br\/shopp\/#website\",\"url\":\"https:\/\/lojaopening.com.br\/shopp\/\",\"name\":\"Loja Opening\",\"description\":\"\",\"publisher\":{\"@id\":\"https:\/\/lojaopening.com.br\/shopp\/#organization\"},\"potentialAction\":[{\"@type\":\"SearchAction\",\"target\":{\"@type\":\"EntryPoint\",\"urlTemplate\":\"https:\/\/lojaopening.com.br\/shopp\/?s={search_term_string}\"},\"query-input\":{\"@type\":\"PropertyValueSpecification\",\"valueRequired\":true,\"valueName\":\"search_term_string\"}}],\"inLanguage\":\"pt-PT\"},{\"@type\":\"Organization\",\"@id\":\"https:\/\/lojaopening.com.br\/shopp\/#organization\",\"name\":\"Opening World Coml Import Export Ltda\",\"url\":\"https:\/\/lojaopening.com.br\/shopp\/\",\"logo\":{\"@type\":\"ImageObject\",\"inLanguage\":\"pt-PT\",\"@id\":\"https:\/\/lojaopening.com.br\/shopp\/#\/schema\/logo\/image\/\",\"url\":\"https:\/\/lojaopening.com.br\/wp-content\/uploads\/2020\/09\/logo_header.png\",\"contentUrl\":\"https:\/\/lojaopening.com.br\/wp-content\/uploads\/2020\/09\/logo_header.png\",\"width\":1279,\"height\":328,\"caption\":\"Opening World Coml Import Export Ltda\"},\"image\":{\"@id\":\"https:\/\/lojaopening.com.br\/shopp\/#\/schema\/logo\/image\/\"}}]}<\/script>\n<!-- \/ Yoast SEO plugin. -->","yoast_head_json":{"title":"Suporte para monitor LCD modelo Advance LD - Ref. 1052 - Grafite - Air Micro - Loja Opening","robots":{"index":"index","follow":"follow","max-snippet":"max-snippet:-1","max-image-preview":"max-image-preview:large","max-video-preview":"max-video-preview:-1"},"canonical":"https:\/\/lojaopening.com.br\/shopp\/produto\/suporte-para-monitor-lcd-modelo-advance-ld-%2d-ref-1052-%2d-grafite-%2d-air-micro\/","og_locale":"pt_PT","og_type":"article","og_title":"Suporte para monitor LCD modelo Advance LD - Ref. 1052 - Grafite - Air Micro - Loja Opening","og_description":"Suporte para monitor LCD modelo Advance LD - Ref. 1052 - Grafite - Air Micro1052","og_url":"https:\/\/lojaopening.com.br\/shopp\/produto\/suporte-para-monitor-lcd-modelo-advance-ld-%2d-ref-1052-%2d-grafite-%2d-air-micro\/","og_site_name":"Loja Opening","article_modified_time":"2023-05-27T19:21:26+00:00","og_image":[{"width":460,"height":318,"url":"https:\/\/lojaopening.com.br\/wp-content\/uploads\/2020\/09\/Suporte-para-monitor-LCD-modelo-Advance-LD-252d-Ref.-1052-252d-Grafite-252d-Air-Micro.jpg","type":"image\/jpeg"}],"twitter_card":"summary_large_image","twitter_misc":{"Tempo estimado de leitura":"2 minutos"},"schema":{"@context":"https:\/\/schema.org","@graph":[{"@type":"WebPage","@id":"https:\/\/lojaopening.com.br\/shopp\/produto\/suporte-para-monitor-lcd-modelo-advance-ld-%252d-ref-1052-%252d-grafite-%252d-air-micro\/","url":"https:\/\/lojaopening.com.br\/shopp\/produto\/suporte-para-monitor-lcd-modelo-advance-ld-%252d-ref-1052-%252d-grafite-%252d-air-micro\/","name":"Suporte para monitor LCD modelo Advance LD - Ref. 1052 - Grafite - Air Micro - Loja Opening","isPartOf":{"@id":"https:\/\/lojaopening.com.br\/shopp\/#website"},"primaryImageOfPage":{"@id":"https:\/\/lojaopening.com.br\/shopp\/produto\/suporte-para-monitor-lcd-modelo-advance-ld-%252d-ref-1052-%252d-grafite-%252d-air-micro\/#primaryimage"},"image":{"@id":"https:\/\/lojaopening.com.br\/shopp\/produto\/suporte-para-monitor-lcd-modelo-advance-ld-%252d-ref-1052-%252d-grafite-%252d-air-micro\/#primaryimage"},"thumbnailUrl":"https:\/\/lojaopening.com.br\/wp-content\/uploads\/2020\/09\/Suporte-para-monitor-LCD-modelo-Advance-LD-252d-Ref.-1052-252d-Grafite-252d-Air-Micro.jpg","datePublished":"2020-09-04T04:05:14+00:00","dateModified":"2023-05-27T19:21:26+00:00","breadcrumb":{"@id":"https:\/\/lojaopening.com.br\/shopp\/produto\/suporte-para-monitor-lcd-modelo-advance-ld-%252d-ref-1052-%252d-grafite-%252d-air-micro\/#breadcrumb"},"inLanguage":"pt-PT","potentialAction":[{"@type":"ReadAction","target":["https:\/\/lojaopening.com.br\/shopp\/produto\/suporte-para-monitor-lcd-modelo-advance-ld-%252d-ref-1052-%252d-grafite-%252d-air-micro\/"]}]},{"@type":"ImageObject","inLanguage":"pt-PT","@id":"https:\/\/lojaopening.com.br\/shopp\/produto\/suporte-para-monitor-lcd-modelo-advance-ld-%252d-ref-1052-%252d-grafite-%252d-air-micro\/#primaryimage","url":"https:\/\/lojaopening.com.br\/wp-content\/uploads\/2020\/09\/Suporte-para-monitor-LCD-modelo-Advance-LD-252d-Ref.-1052-252d-Grafite-252d-Air-Micro.jpg","contentUrl":"https:\/\/lojaopening.com.br\/wp-content\/uploads\/2020\/09\/Suporte-para-monitor-LCD-modelo-Advance-LD-252d-Ref.-1052-252d-Grafite-252d-Air-Micro.jpg","width":460,"height":318},{"@type":"BreadcrumbList","@id":"https:\/\/lojaopening.com.br\/shopp\/produto\/suporte-para-monitor-lcd-modelo-advance-ld-%252d-ref-1052-%252d-grafite-%252d-air-micro\/#breadcrumb","itemListElement":[{"@type":"ListItem","position":1,"name":"In\u00edcio","item":"https:\/\/lojaopening.com.br\/shopp\/"},{"@type":"ListItem","position":2,"name":"Shop","item":"https:\/\/lojaopening.com.br\/shopp\/shopp\/"},{"@type":"ListItem","position":3,"name":"Suporte para monitor LCD modelo Advance LD &#8211; Ref. 1052 &#8211; Grafite &#8211; Air Micro"}]},{"@type":"WebSite","@id":"https:\/\/lojaopening.com.br\/shopp\/#website","url":"https:\/\/lojaopening.com.br\/shopp\/","name":"Loja Opening","description":"","publisher":{"@id":"https:\/\/lojaopening.com.br\/shopp\/#organization"},"potentialAction":[{"@type":"SearchAction","target":{"@type":"EntryPoint","urlTemplate":"https:\/\/lojaopening.com.br\/shopp\/?s={search_term_string}"},"query-input":{"@type":"PropertyValueSpecification","valueRequired":true,"valueName":"search_term_string"}}],"inLanguage":"pt-PT"},{"@type":"Organization","@id":"https:\/\/lojaopening.com.br\/shopp\/#organization","name":"Opening World Coml Import Export Ltda","url":"https:\/\/lojaopening.com.br\/shopp\/","logo":{"@type":"ImageObject","inLanguage":"pt-PT","@id":"https:\/\/lojaopening.com.br\/shopp\/#\/schema\/logo\/image\/","url":"https:\/\/lojaopening.com.br\/wp-content\/uploads\/2020\/09\/logo_header.png","contentUrl":"https:\/\/lojaopening.com.br\/wp-content\/uploads\/2020\/09\/logo_header.png","width":1279,"height":328,"caption":"Opening World Coml Import Export Ltda"},"image":{"@id":"https:\/\/lojaopening.com.br\/shopp\/#\/schema\/logo\/image\/"}}]}},"_links":{"self":[{"href":"https:\/\/lojaopening.com.br\/shopp\/wp-json\/wp\/v2\/product\/737","targetHints":{"allow":["GET"]}}],"collection":[{"href":"https:\/\/lojaopening.com.br\/shopp\/wp-json\/wp\/v2\/product"}],"about":[{"href":"https:\/\/lojaopening.com.br\/shopp\/wp-json\/wp\/v2\/types\/product"}],"wp:featuredmedia":[{"embeddable":true,"href":"https:\/\/lojaopening.com.br\/shopp\/wp-json\/wp\/v2\/media\/869"}],"wp:attachment":[{"href":"https:\/\/lojaopening.com.br\/shopp\/wp-json\/wp\/v2\/media?parent=737"}],"wp:term":[{"taxonomy":"product_brand","embeddable":true,"href":"https:\/\/lojaopening.com.br\/shopp\/wp-json\/wp\/v2\/product_brand?post=737"},{"taxonomy":"product_cat","embeddable":true,"href":"https:\/\/lojaopening.com.br\/shopp\/wp-json\/wp\/v2\/product_cat?post=737"},{"taxonomy":"product_tag","embeddable":true,"href":"https:\/\/lojaopening.com.br\/shopp\/wp-json\/wp\/v2\/product_tag?post=737"}],"curies":[{"name":"wp","href":"https:\/\/api.w.org\/{rel}","templated":true}]}}