{"id":865,"date":"2022-07-13T04:35:11","date_gmt":"2022-07-13T04:35:11","guid":{"rendered":"http:\/\/openingworld.net.br\/?post_type=product&#038;p=865"},"modified":"2023-05-27T19:21:19","modified_gmt":"2023-05-27T19:21:19","slug":"cartao-de-memoria-sd-micro-sdxc-classe-10-c47-adaptador-capacidade-128gb-canvas-select-fabr-kingston","status":"publish","type":"product","link":"https:\/\/lojaopening.com.br\/shopp\/produto\/cartao-de-memoria-sd-micro-sdxc-classe-10-c47-adaptador-capacidade-128gb-canvas-select-fabr-kingston\/","title":{"rendered":"CARTAO DE MEMORIA SD MICRO SDXC CLASSE 10 C\/ ADAPTADOR CAPACIDADE 128GB CANVAS SELECT FABR: KINGSTON"},"content":{"rendered":"<div id=\"div2\" class=\"divTabArea on\">\n<p style=\"margin: 0px;\"><span lang=\"PT\" style=\"margin: 0px; color: black;\"><span style=\"font-size: medium;\">NCM: 8523.51.10 <\/span><\/span><\/p>\n<p style=\"margin: 0px;\"><span lang=\"PT\" style=\"margin: 0px; color: black;\"><span style=\"font-size: medium;\">ICMS-ST EM MINAS GERAIS: Pago anteriormente por substitui\u00e7\u00e3o tribut\u00e1ria na condi\u00e7\u00e3o de Contribuinte Substitu\u00eddo<\/span><\/span><\/p>\n<p style=\"margin: 0px;\"><span lang=\"PT\" style=\"margin: 0px; color: black;\"><span style=\"font-size: medium;\">CEST: 21.062.00<br \/>\n<\/span><\/span><\/p>\n<p style=\"margin: 0px;\"><span lang=\"PT\" style=\"margin: 0px; color: black;\"><span style=\"font-size: medium;\">CST: 260 <\/span><\/span><\/p>\n<p style=\"margin: 0px;\"><span lang=\"PT\" style=\"margin: 0px; color: black;\"><span style=\"font-size: medium;\">EAN: 740617274820<br \/>\n<\/span><\/span><\/p>\n<p style=\"margin: 0px;\"><em><span style=\"margin: 0px; color: black;\"><span style=\"font-size: medium;\">\u00a0<\/span><\/span><\/em><\/p>\n<p style=\"margin: 0px 0px 0px 48px; text-indent: -18pt;\"><em><span style=\"margin: 0px; color: black; font-family: Symbol; font-size: 12pt; font-style: normal;\"><span style=\"margin: 0px;\"><span style=\"font-size: medium;\">\u00b7<\/span><span style=\"font: 7pt;\"><span style=\"font-size: medium;\">\u00a0\u00a0\u00a0\u00a0\u00a0\u00a0\u00a0\u00a0 <\/span><\/span><\/span><\/span><\/em><em><span style=\"margin: 0px; color: black;\"><span style=\"font-size: medium;\">Pre\u00e7os v\u00e1lidos para faturamento para empresas com CNPJ ativo, CONSUMIDOR FINAL, CONTRIBUINTE para uso e consumo pr\u00f3prio\/ATIVO no estado de Minas Gerais. Para outros Estados, solicite sua cota\u00e7\u00e3o para receber as condi\u00e7\u00f5es comerciais<\/span><\/span><\/em><\/p>\n<p style=\"margin: 0px;\"><em><span style=\"margin: 0px; color: black;\"><span style=\"font-size: medium;\">\u00a0<\/span><\/span><\/em><\/p>\n<div id=\"ProductWarranty\" class=\"Block Moveable Panel\">\n<h3>Informa\u00e7\u00f5es sobre garantia<\/h3>\n<div class=\"ProductWarrantyContainer\">LIFETIME ( ETERNA)<\/div>\n<hr class=\"ProductSectionSeparator\" \/>\n<\/div>\n<\/div>\n","protected":false},"excerpt":{"rendered":"<p>NCM: 8523.51.10 ICMS-ST EM MINAS GERAIS: Pago anteriormente por substitui\u00e7\u00e3o tribut\u00e1ria na condi\u00e7\u00e3o de Contribuinte Substitu\u00eddo CEST: 21.062.00 CST: 260&hellip;<\/p>\n","protected":false},"featured_media":866,"template":"","meta":[],"product_brand":[],"product_cat":[115],"product_tag":[],"class_list":{"0":"post-865","1":"product","2":"type-product","3":"status-publish","4":"has-post-thumbnail","6":"product_cat-kingston","8":"first","9":"onbackorder","10":"shipping-taxable","11":"purchasable","12":"product-type-simple"},"yoast_head":"<!-- This site is optimized with the Yoast SEO plugin v27.2 - https:\/\/yoast.com\/product\/yoast-seo-wordpress\/ -->\n<title>CARTAO DE MEMORIA SD MICRO SDXC CLASSE 10 C\/ ADAPTADOR CAPACIDADE 128GB CANVAS SELECT FABR: KINGSTON - Loja Opening<\/title>\n<meta name=\"robots\" content=\"index, follow, max-snippet:-1, max-image-preview:large, max-video-preview:-1\" \/>\n<link rel=\"canonical\" href=\"https:\/\/lojaopening.com.br\/shopp\/produto\/cartao-de-memoria-sd-micro-sdxc-classe-10-c47-adaptador-capacidade-128gb-canvas-select-fabr-kingston\/\" \/>\n<meta property=\"og:locale\" content=\"pt_PT\" \/>\n<meta property=\"og:type\" content=\"article\" \/>\n<meta property=\"og:title\" content=\"CARTAO DE MEMORIA SD MICRO SDXC CLASSE 10 C\/ ADAPTADOR CAPACIDADE 128GB CANVAS SELECT FABR: KINGSTON - Loja Opening\" \/>\n<meta property=\"og:description\" content=\"NCM: 8523.51.10 ICMS-ST EM MINAS GERAIS: Pago anteriormente por substitui\u00e7\u00e3o tribut\u00e1ria na condi\u00e7\u00e3o de Contribuinte Substitu\u00eddo CEST: 21.062.00 CST: 260&hellip;\" \/>\n<meta property=\"og:url\" content=\"https:\/\/lojaopening.com.br\/shopp\/produto\/cartao-de-memoria-sd-micro-sdxc-classe-10-c47-adaptador-capacidade-128gb-canvas-select-fabr-kingston\/\" \/>\n<meta property=\"og:site_name\" content=\"Loja Opening\" \/>\n<meta property=\"article:modified_time\" content=\"2023-05-27T19:21:19+00:00\" \/>\n<meta property=\"og:image\" content=\"https:\/\/lojaopening.com.br\/wp-content\/uploads\/2022\/07\/CARTAO-DE-MEMORIA-SD-MICRO-SDXC-CLASSE-10-C7B477D-ADAPTADOR-CAPACIDADE-128GB-CANVAS-SELECT-FABR3A-KINGSTON-.png\" \/>\n\t<meta property=\"og:image:width\" content=\"294\" \/>\n\t<meta property=\"og:image:height\" content=\"334\" \/>\n\t<meta property=\"og:image:type\" content=\"image\/png\" \/>\n<meta name=\"twitter:card\" content=\"summary_large_image\" \/>\n<script type=\"application\/ld+json\" class=\"yoast-schema-graph\">{\"@context\":\"https:\/\/schema.org\",\"@graph\":[{\"@type\":\"WebPage\",\"@id\":\"https:\/\/lojaopening.com.br\/shopp\/produto\/cartao-de-memoria-sd-micro-sdxc-classe-10-c47-adaptador-capacidade-128gb-canvas-select-fabr-kingston\/\",\"url\":\"https:\/\/lojaopening.com.br\/shopp\/produto\/cartao-de-memoria-sd-micro-sdxc-classe-10-c47-adaptador-capacidade-128gb-canvas-select-fabr-kingston\/\",\"name\":\"CARTAO DE MEMORIA SD MICRO SDXC CLASSE 10 C\/ ADAPTADOR CAPACIDADE 128GB CANVAS SELECT FABR: KINGSTON - Loja Opening\",\"isPartOf\":{\"@id\":\"https:\/\/lojaopening.com.br\/shopp\/#website\"},\"primaryImageOfPage\":{\"@id\":\"https:\/\/lojaopening.com.br\/shopp\/produto\/cartao-de-memoria-sd-micro-sdxc-classe-10-c47-adaptador-capacidade-128gb-canvas-select-fabr-kingston\/#primaryimage\"},\"image\":{\"@id\":\"https:\/\/lojaopening.com.br\/shopp\/produto\/cartao-de-memoria-sd-micro-sdxc-classe-10-c47-adaptador-capacidade-128gb-canvas-select-fabr-kingston\/#primaryimage\"},\"thumbnailUrl\":\"https:\/\/lojaopening.com.br\/wp-content\/uploads\/2022\/07\/CARTAO-DE-MEMORIA-SD-MICRO-SDXC-CLASSE-10-C7B477D-ADAPTADOR-CAPACIDADE-128GB-CANVAS-SELECT-FABR3A-KINGSTON-.png\",\"datePublished\":\"2022-07-13T04:35:11+00:00\",\"dateModified\":\"2023-05-27T19:21:19+00:00\",\"breadcrumb\":{\"@id\":\"https:\/\/lojaopening.com.br\/shopp\/produto\/cartao-de-memoria-sd-micro-sdxc-classe-10-c47-adaptador-capacidade-128gb-canvas-select-fabr-kingston\/#breadcrumb\"},\"inLanguage\":\"pt-PT\",\"potentialAction\":[{\"@type\":\"ReadAction\",\"target\":[\"https:\/\/lojaopening.com.br\/shopp\/produto\/cartao-de-memoria-sd-micro-sdxc-classe-10-c47-adaptador-capacidade-128gb-canvas-select-fabr-kingston\/\"]}]},{\"@type\":\"ImageObject\",\"inLanguage\":\"pt-PT\",\"@id\":\"https:\/\/lojaopening.com.br\/shopp\/produto\/cartao-de-memoria-sd-micro-sdxc-classe-10-c47-adaptador-capacidade-128gb-canvas-select-fabr-kingston\/#primaryimage\",\"url\":\"https:\/\/lojaopening.com.br\/wp-content\/uploads\/2022\/07\/CARTAO-DE-MEMORIA-SD-MICRO-SDXC-CLASSE-10-C7B477D-ADAPTADOR-CAPACIDADE-128GB-CANVAS-SELECT-FABR3A-KINGSTON-.png\",\"contentUrl\":\"https:\/\/lojaopening.com.br\/wp-content\/uploads\/2022\/07\/CARTAO-DE-MEMORIA-SD-MICRO-SDXC-CLASSE-10-C7B477D-ADAPTADOR-CAPACIDADE-128GB-CANVAS-SELECT-FABR3A-KINGSTON-.png\",\"width\":294,\"height\":334},{\"@type\":\"BreadcrumbList\",\"@id\":\"https:\/\/lojaopening.com.br\/shopp\/produto\/cartao-de-memoria-sd-micro-sdxc-classe-10-c47-adaptador-capacidade-128gb-canvas-select-fabr-kingston\/#breadcrumb\",\"itemListElement\":[{\"@type\":\"ListItem\",\"position\":1,\"name\":\"In\u00edcio\",\"item\":\"https:\/\/lojaopening.com.br\/shopp\/\"},{\"@type\":\"ListItem\",\"position\":2,\"name\":\"Shop\",\"item\":\"https:\/\/lojaopening.com.br\/shopp\/shopp\/\"},{\"@type\":\"ListItem\",\"position\":3,\"name\":\"CARTAO DE MEMORIA SD MICRO SDXC CLASSE 10 C\/ ADAPTADOR CAPACIDADE 128GB CANVAS SELECT FABR: KINGSTON\"}]},{\"@type\":\"WebSite\",\"@id\":\"https:\/\/lojaopening.com.br\/shopp\/#website\",\"url\":\"https:\/\/lojaopening.com.br\/shopp\/\",\"name\":\"Loja Opening\",\"description\":\"\",\"publisher\":{\"@id\":\"https:\/\/lojaopening.com.br\/shopp\/#organization\"},\"potentialAction\":[{\"@type\":\"SearchAction\",\"target\":{\"@type\":\"EntryPoint\",\"urlTemplate\":\"https:\/\/lojaopening.com.br\/shopp\/?s={search_term_string}\"},\"query-input\":{\"@type\":\"PropertyValueSpecification\",\"valueRequired\":true,\"valueName\":\"search_term_string\"}}],\"inLanguage\":\"pt-PT\"},{\"@type\":\"Organization\",\"@id\":\"https:\/\/lojaopening.com.br\/shopp\/#organization\",\"name\":\"Opening World Coml Import Export Ltda\",\"url\":\"https:\/\/lojaopening.com.br\/shopp\/\",\"logo\":{\"@type\":\"ImageObject\",\"inLanguage\":\"pt-PT\",\"@id\":\"https:\/\/lojaopening.com.br\/shopp\/#\/schema\/logo\/image\/\",\"url\":\"https:\/\/lojaopening.com.br\/wp-content\/uploads\/2020\/09\/logo_header.png\",\"contentUrl\":\"https:\/\/lojaopening.com.br\/wp-content\/uploads\/2020\/09\/logo_header.png\",\"width\":1279,\"height\":328,\"caption\":\"Opening World Coml Import Export Ltda\"},\"image\":{\"@id\":\"https:\/\/lojaopening.com.br\/shopp\/#\/schema\/logo\/image\/\"}}]}<\/script>\n<!-- \/ Yoast SEO plugin. -->","yoast_head_json":{"title":"CARTAO DE MEMORIA SD MICRO SDXC CLASSE 10 C\/ ADAPTADOR CAPACIDADE 128GB CANVAS SELECT FABR: KINGSTON - Loja Opening","robots":{"index":"index","follow":"follow","max-snippet":"max-snippet:-1","max-image-preview":"max-image-preview:large","max-video-preview":"max-video-preview:-1"},"canonical":"https:\/\/lojaopening.com.br\/shopp\/produto\/cartao-de-memoria-sd-micro-sdxc-classe-10-c47-adaptador-capacidade-128gb-canvas-select-fabr-kingston\/","og_locale":"pt_PT","og_type":"article","og_title":"CARTAO DE MEMORIA SD MICRO SDXC CLASSE 10 C\/ ADAPTADOR CAPACIDADE 128GB CANVAS SELECT FABR: KINGSTON - Loja Opening","og_description":"NCM: 8523.51.10 ICMS-ST EM MINAS GERAIS: Pago anteriormente por substitui\u00e7\u00e3o tribut\u00e1ria na condi\u00e7\u00e3o de Contribuinte Substitu\u00eddo CEST: 21.062.00 CST: 260&hellip;","og_url":"https:\/\/lojaopening.com.br\/shopp\/produto\/cartao-de-memoria-sd-micro-sdxc-classe-10-c47-adaptador-capacidade-128gb-canvas-select-fabr-kingston\/","og_site_name":"Loja Opening","article_modified_time":"2023-05-27T19:21:19+00:00","og_image":[{"width":294,"height":334,"url":"https:\/\/lojaopening.com.br\/wp-content\/uploads\/2022\/07\/CARTAO-DE-MEMORIA-SD-MICRO-SDXC-CLASSE-10-C7B477D-ADAPTADOR-CAPACIDADE-128GB-CANVAS-SELECT-FABR3A-KINGSTON-.png","type":"image\/png"}],"twitter_card":"summary_large_image","schema":{"@context":"https:\/\/schema.org","@graph":[{"@type":"WebPage","@id":"https:\/\/lojaopening.com.br\/shopp\/produto\/cartao-de-memoria-sd-micro-sdxc-classe-10-c47-adaptador-capacidade-128gb-canvas-select-fabr-kingston\/","url":"https:\/\/lojaopening.com.br\/shopp\/produto\/cartao-de-memoria-sd-micro-sdxc-classe-10-c47-adaptador-capacidade-128gb-canvas-select-fabr-kingston\/","name":"CARTAO DE MEMORIA SD MICRO SDXC CLASSE 10 C\/ ADAPTADOR CAPACIDADE 128GB CANVAS SELECT FABR: KINGSTON - Loja Opening","isPartOf":{"@id":"https:\/\/lojaopening.com.br\/shopp\/#website"},"primaryImageOfPage":{"@id":"https:\/\/lojaopening.com.br\/shopp\/produto\/cartao-de-memoria-sd-micro-sdxc-classe-10-c47-adaptador-capacidade-128gb-canvas-select-fabr-kingston\/#primaryimage"},"image":{"@id":"https:\/\/lojaopening.com.br\/shopp\/produto\/cartao-de-memoria-sd-micro-sdxc-classe-10-c47-adaptador-capacidade-128gb-canvas-select-fabr-kingston\/#primaryimage"},"thumbnailUrl":"https:\/\/lojaopening.com.br\/wp-content\/uploads\/2022\/07\/CARTAO-DE-MEMORIA-SD-MICRO-SDXC-CLASSE-10-C7B477D-ADAPTADOR-CAPACIDADE-128GB-CANVAS-SELECT-FABR3A-KINGSTON-.png","datePublished":"2022-07-13T04:35:11+00:00","dateModified":"2023-05-27T19:21:19+00:00","breadcrumb":{"@id":"https:\/\/lojaopening.com.br\/shopp\/produto\/cartao-de-memoria-sd-micro-sdxc-classe-10-c47-adaptador-capacidade-128gb-canvas-select-fabr-kingston\/#breadcrumb"},"inLanguage":"pt-PT","potentialAction":[{"@type":"ReadAction","target":["https:\/\/lojaopening.com.br\/shopp\/produto\/cartao-de-memoria-sd-micro-sdxc-classe-10-c47-adaptador-capacidade-128gb-canvas-select-fabr-kingston\/"]}]},{"@type":"ImageObject","inLanguage":"pt-PT","@id":"https:\/\/lojaopening.com.br\/shopp\/produto\/cartao-de-memoria-sd-micro-sdxc-classe-10-c47-adaptador-capacidade-128gb-canvas-select-fabr-kingston\/#primaryimage","url":"https:\/\/lojaopening.com.br\/wp-content\/uploads\/2022\/07\/CARTAO-DE-MEMORIA-SD-MICRO-SDXC-CLASSE-10-C7B477D-ADAPTADOR-CAPACIDADE-128GB-CANVAS-SELECT-FABR3A-KINGSTON-.png","contentUrl":"https:\/\/lojaopening.com.br\/wp-content\/uploads\/2022\/07\/CARTAO-DE-MEMORIA-SD-MICRO-SDXC-CLASSE-10-C7B477D-ADAPTADOR-CAPACIDADE-128GB-CANVAS-SELECT-FABR3A-KINGSTON-.png","width":294,"height":334},{"@type":"BreadcrumbList","@id":"https:\/\/lojaopening.com.br\/shopp\/produto\/cartao-de-memoria-sd-micro-sdxc-classe-10-c47-adaptador-capacidade-128gb-canvas-select-fabr-kingston\/#breadcrumb","itemListElement":[{"@type":"ListItem","position":1,"name":"In\u00edcio","item":"https:\/\/lojaopening.com.br\/shopp\/"},{"@type":"ListItem","position":2,"name":"Shop","item":"https:\/\/lojaopening.com.br\/shopp\/shopp\/"},{"@type":"ListItem","position":3,"name":"CARTAO DE MEMORIA SD MICRO SDXC CLASSE 10 C\/ ADAPTADOR CAPACIDADE 128GB CANVAS SELECT FABR: KINGSTON"}]},{"@type":"WebSite","@id":"https:\/\/lojaopening.com.br\/shopp\/#website","url":"https:\/\/lojaopening.com.br\/shopp\/","name":"Loja Opening","description":"","publisher":{"@id":"https:\/\/lojaopening.com.br\/shopp\/#organization"},"potentialAction":[{"@type":"SearchAction","target":{"@type":"EntryPoint","urlTemplate":"https:\/\/lojaopening.com.br\/shopp\/?s={search_term_string}"},"query-input":{"@type":"PropertyValueSpecification","valueRequired":true,"valueName":"search_term_string"}}],"inLanguage":"pt-PT"},{"@type":"Organization","@id":"https:\/\/lojaopening.com.br\/shopp\/#organization","name":"Opening World Coml Import Export Ltda","url":"https:\/\/lojaopening.com.br\/shopp\/","logo":{"@type":"ImageObject","inLanguage":"pt-PT","@id":"https:\/\/lojaopening.com.br\/shopp\/#\/schema\/logo\/image\/","url":"https:\/\/lojaopening.com.br\/wp-content\/uploads\/2020\/09\/logo_header.png","contentUrl":"https:\/\/lojaopening.com.br\/wp-content\/uploads\/2020\/09\/logo_header.png","width":1279,"height":328,"caption":"Opening World Coml Import Export Ltda"},"image":{"@id":"https:\/\/lojaopening.com.br\/shopp\/#\/schema\/logo\/image\/"}}]}},"_links":{"self":[{"href":"https:\/\/lojaopening.com.br\/shopp\/wp-json\/wp\/v2\/product\/865","targetHints":{"allow":["GET"]}}],"collection":[{"href":"https:\/\/lojaopening.com.br\/shopp\/wp-json\/wp\/v2\/product"}],"about":[{"href":"https:\/\/lojaopening.com.br\/shopp\/wp-json\/wp\/v2\/types\/product"}],"wp:featuredmedia":[{"embeddable":true,"href":"https:\/\/lojaopening.com.br\/shopp\/wp-json\/wp\/v2\/media\/866"}],"wp:attachment":[{"href":"https:\/\/lojaopening.com.br\/shopp\/wp-json\/wp\/v2\/media?parent=865"}],"wp:term":[{"taxonomy":"product_brand","embeddable":true,"href":"https:\/\/lojaopening.com.br\/shopp\/wp-json\/wp\/v2\/product_brand?post=865"},{"taxonomy":"product_cat","embeddable":true,"href":"https:\/\/lojaopening.com.br\/shopp\/wp-json\/wp\/v2\/product_cat?post=865"},{"taxonomy":"product_tag","embeddable":true,"href":"https:\/\/lojaopening.com.br\/shopp\/wp-json\/wp\/v2\/product_tag?post=865"}],"curies":[{"name":"wp","href":"https:\/\/api.w.org\/{rel}","templated":true}]}}