{"id":939,"date":"2022-07-13T17:55:29","date_gmt":"2022-07-13T17:55:29","guid":{"rendered":"http:\/\/openingworld.net.br\/?post_type=product&#038;p=939"},"modified":"2023-05-27T19:21:16","modified_gmt":"2023-05-27T19:21:16","slug":"mapoteca-%252d-arquivo-m%f3vel-semi%252dabertos-45x33cm-trident-map%252da3%7b47%7d4","status":"publish","type":"product","link":"https:\/\/lojaopening.com.br\/shopp\/produto\/mapoteca-%252d-arquivo-m%f3vel-semi%252dabertos-45x33cm-trident-map%252da3%7b47%7d4\/","title":{"rendered":"Mapoteca &#8211; arquivo m\u00f3vel semi-abertos 45x33cm Trident MAP-A3\/4"},"content":{"rendered":"<div class=\"divTabArea on\" id=\"div2\">\n<p class=\"Pa0\"><span class=\"A10\"><span style=\"font-size: 24pt;\">Arquivos M\u00f3veis Semi-abertos para 15 cabides&nbsp;<\/span><\/span><\/p>\n<p><span class=\"A1\"><span style=\"font-size: small;\"><span style=\"font-family: arial,helvetica,sans-serif;\">Constru\u00eddos com estrutura met\u00e1lica e madeira BP, laminada nos padr\u00f5es Marfim e Argila, s\u00e3o muito resistentes e possuem rod\u00edzios. Os modelos fechados s\u00e3o fornecidos com fechadura<\/span><\/span><\/span><\/p>\n<ul>\n<li><span style=\"font-size: small;\"><span style=\"font-family: arial,helvetica,sans-serif;\"><span style=\"color: #404041;\">Mod. <\/span><strong><span style=\"color: #ce4134;\">MAP-A3\/4 AR <\/span><\/strong><span style=\"color: #404041;\">&#8211; Ideal para o arquivo de folhas dos formatos A3 (45 x 33 cm) e A4 (33 x 24 cm). Cor <\/span><span style=\"color: #404041;\">ARGILA <\/span><\/span><\/span><\/li>\n<\/ul>\n<p><span style=\"font-family: 'HelveticaNeueLT Std','serif'; color: #404041;\"><span style=\"font-size: small;\"><span style=\"font-family: arial,helvetica,sans-serif;\">&#8211; Dimens\u00f5es : (A) &#8211; 60 cm (L) &#8211; 43 cm (P) &#8211; 45 cm <\/span><\/span><\/span><\/p>\n<p><span style=\"font-family: 'Helvetica LT Std','serif'; color: #404041;\"><span style=\"font-size: small;\"><span style=\"font-family: arial,helvetica,sans-serif;\">&#8211; Peso: 14 kg <\/span><\/span><\/span><\/p>\n<p><span style=\"font-family: 'Helvetica LT Std','serif'; color: #404041;\"><span style=\"font-size: small;\"><span style=\"font-family: arial,helvetica,sans-serif;\">&#8211; Cubagem : 0,0354 m\u00b3<\/span><\/span><\/span><\/p>\n<p><span style=\"font-family: 'Helvetica LT Std','serif'; color: #404041;\"><span style=\"font-size: large;\"><span style=\"text-decoration: underline;\"><span style=\"font-size: small;\"><span style=\"font-family: arial,helvetica,sans-serif;\">Outros Modelos:<\/span><\/span><\/span><\/span><\/span><\/p>\n<p><span style=\"font-size: small;\"><span style=\"font-family: arial,helvetica,sans-serif;\"><strong><span style=\"color: #404041;\">Arquivos para 15 cabides CAB-A0<\/span><\/strong><strong><span style=\"color: #404041;\">&nbsp;<\/span><\/strong><\/span><\/span><\/p>\n<ul>\n<li><span style=\"font-size: small;\"><span style=\"font-family: arial,helvetica,sans-serif;\"><span style=\"color: #404041;\">Mod. <\/span><strong><span style=\"color: #ce4134;\">MAP-A0\/1 M <\/span><\/strong><span style=\"color: #404041;\">&#8211; Ideal para o arquivo de folhas dos formatos <\/span><span style=\"color: #555658;\">A0 <\/span><span style=\"color: #404041;\">(123 x 88 cm) e <\/span><span style=\"color: #555658;\">A1 <\/span><span style=\"color: #404041;\">(88 x 62,5 cm). <\/span><span style=\"color: #404041;\">MARFIM&nbsp;<\/span><span style=\"color: #404041;\">&nbsp;<\/span><\/span><\/span><\/li>\n<li><span style=\"font-size: small;\"><span style=\"font-family: arial,helvetica,sans-serif;\"><span style=\"color: #404041;\">Mod. <\/span><strong><span style=\"color: #ce4134;\">MAP-A0\/1 AR <\/span><\/strong><span style=\"color: #404041;\">&#8211; Ideal para o arquivo de folhas dos formatos A0 (123 x 88 cm) e A1 (88 x 62,5 cm). <\/span><span style=\"color: #404041;\">ARGILA <\/span><\/span><\/span><\/li>\n<\/ul>\n<p><span style=\"font-family: 'HelveticaNeueLT Std','serif'; color: #404041;\"><span style=\"font-size: small;\"><span style=\"font-family: arial,helvetica,sans-serif;\">&#8211; Dimens\u00f5es (A) &#8211; 140 cm (L) &#8211; 91 cm (P) &#8211; 45 cm <\/span><\/span><\/span><\/p>\n<p><span style=\"font-family: 'Helvetica LT Std','serif'; color: #404041;\"><span style=\"font-size: small;\"><span style=\"font-family: arial,helvetica,sans-serif;\">&#8211; Peso &#8211; 32 kg <\/span><\/span><\/span><\/p>\n<p><span style=\"font-family: 'Helvetica LT Std','serif'; color: #404041;\"><span style=\"font-size: small;\"><span style=\"font-family: arial,helvetica,sans-serif;\">&#8211; Cubagem 0,1315 m\u00b3 <\/span><\/span><\/span><\/p>\n<p><strong><span style=\"font-family: 'HelveticaNeueLT Std','serif'; color: #404041;\"><span style=\"font-size: small;\"><span style=\"font-family: arial,helvetica,sans-serif;\">Arquivos para 15 cabides CAB-A2 <\/span><\/span><\/span><\/strong><\/p>\n<ul>\n<li><span style=\"font-size: small;\"><span style=\"font-family: arial,helvetica,sans-serif;\"><span style=\"color: #404041;\">Mod. <\/span><strong><span style=\"color: #ce4134;\">MAP-A2\/3 M <\/span><\/strong><span style=\"color: #404041;\">&#8211; Ideal para o arquivo de folhas dos formatos A2 (62,5 x 45 cm) e A3 (45 x 33 cm). <\/span><span style=\"color: #404041;\">MARFIM <\/span><\/span><\/span><\/li>\n<li><span style=\"font-size: small;\"><span style=\"font-family: arial,helvetica,sans-serif;\"><span style=\"color: #404041;\">Mod. <\/span><strong><span style=\"color: #ce4134;\">MAP-A2\/3 AR <\/span><\/strong><span style=\"color: #404041;\">&#8211; Ideal para o arquivo de folhas dos formatos A2 (62,5 x 45 cm) e A3 (45 x 33 cm).<\/span><span style=\"color: #404041;\">ARGILA <\/span><\/span><\/span><\/li>\n<\/ul>\n<p><span style=\"font-family: 'HelveticaNeueLT Std','serif'; color: #404041;\"><span style=\"font-size: small;\"><span style=\"font-family: arial,helvetica,sans-serif;\">&#8211; Dimens\u00f5es&nbsp;<span class=\"A21\">(A) &#8211; 80 cm (L) &#8211; 55 cm (P) &#8211; 45 cm<\/span> <\/span><\/span><\/span><\/p>\n<p><span style=\"font-family: 'Helvetica LT Std','serif'; color: #404041;\"><span style=\"font-size: small;\"><span style=\"font-family: arial,helvetica,sans-serif;\">&#8211; Peso &#8211; 18 kg <\/span><\/span><\/span><\/p>\n<p><span style=\"font-family: 'Helvetica LT Std','serif'; color: #404041;\"><span style=\"font-size: small;\"><span style=\"font-family: arial,helvetica,sans-serif;\">&#8211; Cubagem&nbsp;<span style=\"color: #404041;\">0,0508 m\u00b3<\/span>&nbsp;<\/span><\/span><\/span><\/p>\n<ul>\n<li><span style=\"font-size: 12pt;\" lang=\"PT\">NCM: 9403.30.00<\/span><span style=\"font-size: 12pt;\" lang=\"PT\"> <\/span><\/li>\n<li><span style=\"font-size: 12pt;\" lang=\"PT\">ICMS incluso: 18%<\/span><span style=\"font-size: 12pt;\" lang=\"PT\"> <\/span><\/li>\n<li><span style=\"font-size: 12pt;\" lang=\"PT\">CST: 000<\/span><span style=\"font-size: 12pt;\" lang=\"PT\"> <\/span><\/li>\n<li><em><span style=\"font-size: 12pt;\">Pre\u00e7os v\u00e1lidos para faturamento para empresas com CNPJ ativo, CONSUMIDOR FINAL, CONTRIBUINTE para Ativo\/uso e consumo pr\u00f3prio<\/span><\/em><\/li>\n<\/ul>\n<div class=\"Block Moveable Panel\" id=\"ProductWarranty\">\n<h3>Informa\u00e7\u00f5es sobre garantia<\/h3>\n<div class=\"ProductWarrantyContainer\">\n\t\t1 ano\n\t<\/div>\n<hr style=\"\" class=\"ProductSectionSeparator\">\n<\/div>\n<\/p><\/div>\n","protected":false},"excerpt":{"rendered":"<p>Arquivos M\u00f3veis Semi-abertos para 15 cabides&nbsp; Constru\u00eddos com estrutura met\u00e1lica e madeira BP, laminada nos padr\u00f5es Marfim e Argila, s\u00e3o&hellip;<\/p>\n","protected":false},"featured_media":940,"template":"","meta":[],"product_brand":[],"product_cat":[37,490],"product_tag":[],"class_list":{"0":"post-939","1":"product","2":"type-product","3":"status-publish","4":"has-post-thumbnail","6":"product_cat-automacao-comercial","7":"product_cat-trident","9":"first","10":"onbackorder","11":"shipping-taxable","12":"purchasable","13":"product-type-simple"},"yoast_head":"<!-- This site is optimized with the Yoast SEO plugin v27.2 - https:\/\/yoast.com\/product\/yoast-seo-wordpress\/ -->\n<title>Mapoteca - arquivo m\u00f3vel semi-abertos 45x33cm Trident MAP-A3\/4 - Loja Opening<\/title>\n<meta name=\"robots\" content=\"index, follow, max-snippet:-1, max-image-preview:large, max-video-preview:-1\" \/>\n<link rel=\"canonical\" href=\"https:\/\/lojaopening.com.br\/shopp\/produto\/mapoteca-%2d-arquivo-m?vel-semi%2dabertos-45x33cm-trident-map%2da3474\/\" \/>\n<meta property=\"og:locale\" content=\"pt_PT\" \/>\n<meta property=\"og:type\" content=\"article\" \/>\n<meta property=\"og:title\" content=\"Mapoteca - arquivo m\u00f3vel semi-abertos 45x33cm Trident MAP-A3\/4 - Loja Opening\" \/>\n<meta property=\"og:description\" content=\"Arquivos M\u00f3veis Semi-abertos para 15 cabides&nbsp; Constru\u00eddos com estrutura met\u00e1lica e madeira BP, laminada nos padr\u00f5es Marfim e Argila, s\u00e3o&hellip;\" \/>\n<meta property=\"og:url\" content=\"\" \/>\n<meta property=\"og:site_name\" content=\"Loja Opening\" \/>\n<meta property=\"article:modified_time\" content=\"2023-05-27T19:21:16+00:00\" \/>\n<meta property=\"og:image\" content=\"https:\/\/lojaopening.com.br\/wp-content\/uploads\/2022\/07\/Mapoteca-252d-arquivo-mF3vel-semi252dabertos-45x33cm-Trident-MAP252dA37B477D4.jpg\" \/>\n\t<meta property=\"og:image:width\" content=\"237\" \/>\n\t<meta property=\"og:image:height\" content=\"177\" \/>\n\t<meta property=\"og:image:type\" content=\"image\/jpeg\" \/>\n<meta name=\"twitter:card\" content=\"summary_large_image\" \/>\n<meta name=\"twitter:label1\" content=\"Tempo estimado de leitura\" \/>\n\t<meta name=\"twitter:data1\" content=\"1 minuto\" \/>\n<script type=\"application\/ld+json\" class=\"yoast-schema-graph\">{\"@context\":\"https:\/\/schema.org\",\"@graph\":[{\"@type\":\"WebPage\",\"@id\":\"https:\/\/lojaopening.com.br\/shopp\/produto\/mapoteca-%252d-arquivo-m%f3vel-semi%252dabertos-45x33cm-trident-map%252da3%7b47%7d4\/\",\"url\":\"https:\/\/lojaopening.com.br\/shopp\/produto\/mapoteca-%252d-arquivo-m%f3vel-semi%252dabertos-45x33cm-trident-map%252da3%7b47%7d4\/\",\"name\":\"Mapoteca - arquivo m\u00f3vel semi-abertos 45x33cm Trident MAP-A3\/4 - Loja Opening\",\"isPartOf\":{\"@id\":\"https:\/\/lojaopening.com.br\/shopp\/#website\"},\"primaryImageOfPage\":{\"@id\":\"https:\/\/lojaopening.com.br\/shopp\/produto\/mapoteca-%252d-arquivo-m%f3vel-semi%252dabertos-45x33cm-trident-map%252da3%7b47%7d4\/#primaryimage\"},\"image\":{\"@id\":\"https:\/\/lojaopening.com.br\/shopp\/produto\/mapoteca-%252d-arquivo-m%f3vel-semi%252dabertos-45x33cm-trident-map%252da3%7b47%7d4\/#primaryimage\"},\"thumbnailUrl\":\"https:\/\/lojaopening.com.br\/wp-content\/uploads\/2022\/07\/Mapoteca-252d-arquivo-mF3vel-semi252dabertos-45x33cm-Trident-MAP252dA37B477D4.jpg\",\"datePublished\":\"2022-07-13T17:55:29+00:00\",\"dateModified\":\"2023-05-27T19:21:16+00:00\",\"breadcrumb\":{\"@id\":\"https:\/\/lojaopening.com.br\/shopp\/produto\/mapoteca-%252d-arquivo-m%f3vel-semi%252dabertos-45x33cm-trident-map%252da3%7b47%7d4\/#breadcrumb\"},\"inLanguage\":\"pt-PT\",\"potentialAction\":[{\"@type\":\"ReadAction\",\"target\":[\"https:\/\/lojaopening.com.br\/shopp\/produto\/mapoteca-%252d-arquivo-m%f3vel-semi%252dabertos-45x33cm-trident-map%252da3%7b47%7d4\/\"]}]},{\"@type\":\"ImageObject\",\"inLanguage\":\"pt-PT\",\"@id\":\"https:\/\/lojaopening.com.br\/shopp\/produto\/mapoteca-%252d-arquivo-m%f3vel-semi%252dabertos-45x33cm-trident-map%252da3%7b47%7d4\/#primaryimage\",\"url\":\"https:\/\/lojaopening.com.br\/wp-content\/uploads\/2022\/07\/Mapoteca-252d-arquivo-mF3vel-semi252dabertos-45x33cm-Trident-MAP252dA37B477D4.jpg\",\"contentUrl\":\"https:\/\/lojaopening.com.br\/wp-content\/uploads\/2022\/07\/Mapoteca-252d-arquivo-mF3vel-semi252dabertos-45x33cm-Trident-MAP252dA37B477D4.jpg\",\"width\":237,\"height\":177},{\"@type\":\"BreadcrumbList\",\"@id\":\"https:\/\/lojaopening.com.br\/shopp\/produto\/mapoteca-%252d-arquivo-m%f3vel-semi%252dabertos-45x33cm-trident-map%252da3%7b47%7d4\/#breadcrumb\",\"itemListElement\":[{\"@type\":\"ListItem\",\"position\":1,\"name\":\"In\u00edcio\",\"item\":\"https:\/\/lojaopening.com.br\/shopp\/\"},{\"@type\":\"ListItem\",\"position\":2,\"name\":\"Shop\",\"item\":\"https:\/\/lojaopening.com.br\/shopp\/shopp\/\"},{\"@type\":\"ListItem\",\"position\":3,\"name\":\"Mapoteca &#8211; arquivo m\u00f3vel semi-abertos 45x33cm Trident MAP-A3\/4\"}]},{\"@type\":\"WebSite\",\"@id\":\"https:\/\/lojaopening.com.br\/shopp\/#website\",\"url\":\"https:\/\/lojaopening.com.br\/shopp\/\",\"name\":\"Loja Opening\",\"description\":\"\",\"publisher\":{\"@id\":\"https:\/\/lojaopening.com.br\/shopp\/#organization\"},\"potentialAction\":[{\"@type\":\"SearchAction\",\"target\":{\"@type\":\"EntryPoint\",\"urlTemplate\":\"https:\/\/lojaopening.com.br\/shopp\/?s={search_term_string}\"},\"query-input\":{\"@type\":\"PropertyValueSpecification\",\"valueRequired\":true,\"valueName\":\"search_term_string\"}}],\"inLanguage\":\"pt-PT\"},{\"@type\":\"Organization\",\"@id\":\"https:\/\/lojaopening.com.br\/shopp\/#organization\",\"name\":\"Opening World Coml Import Export Ltda\",\"url\":\"https:\/\/lojaopening.com.br\/shopp\/\",\"logo\":{\"@type\":\"ImageObject\",\"inLanguage\":\"pt-PT\",\"@id\":\"https:\/\/lojaopening.com.br\/shopp\/#\/schema\/logo\/image\/\",\"url\":\"https:\/\/lojaopening.com.br\/wp-content\/uploads\/2020\/09\/logo_header.png\",\"contentUrl\":\"https:\/\/lojaopening.com.br\/wp-content\/uploads\/2020\/09\/logo_header.png\",\"width\":1279,\"height\":328,\"caption\":\"Opening World Coml Import Export Ltda\"},\"image\":{\"@id\":\"https:\/\/lojaopening.com.br\/shopp\/#\/schema\/logo\/image\/\"}}]}<\/script>\n<!-- \/ Yoast SEO plugin. -->","yoast_head_json":{"title":"Mapoteca - arquivo m\u00f3vel semi-abertos 45x33cm Trident MAP-A3\/4 - Loja Opening","robots":{"index":"index","follow":"follow","max-snippet":"max-snippet:-1","max-image-preview":"max-image-preview:large","max-video-preview":"max-video-preview:-1"},"canonical":"https:\/\/lojaopening.com.br\/shopp\/produto\/mapoteca-%2d-arquivo-m?vel-semi%2dabertos-45x33cm-trident-map%2da3{47}4\/","og_locale":"pt_PT","og_type":"article","og_title":"Mapoteca - arquivo m\u00f3vel semi-abertos 45x33cm Trident MAP-A3\/4 - Loja Opening","og_description":"Arquivos M\u00f3veis Semi-abertos para 15 cabides&nbsp; Constru\u00eddos com estrutura met\u00e1lica e madeira BP, laminada nos padr\u00f5es Marfim e Argila, s\u00e3o&hellip;","og_url":"https:\/\/lojaopening.com.br\/shopp\/produto\/mapoteca-%2d-arquivo-m?vel-semi%2dabertos-45x33cm-trident-map%2da3{47}4\/","og_site_name":"Loja Opening","article_modified_time":"2023-05-27T19:21:16+00:00","og_image":[{"width":237,"height":177,"url":"https:\/\/lojaopening.com.br\/wp-content\/uploads\/2022\/07\/Mapoteca-252d-arquivo-mF3vel-semi252dabertos-45x33cm-Trident-MAP252dA37B477D4.jpg","type":"image\/jpeg"}],"twitter_card":"summary_large_image","twitter_misc":{"Tempo estimado de leitura":"1 minuto"},"schema":{"@context":"https:\/\/schema.org","@graph":[{"@type":"WebPage","@id":"https:\/\/lojaopening.com.br\/shopp\/produto\/mapoteca-%252d-arquivo-m%f3vel-semi%252dabertos-45x33cm-trident-map%252da3%7b47%7d4\/","url":"https:\/\/lojaopening.com.br\/shopp\/produto\/mapoteca-%252d-arquivo-m%f3vel-semi%252dabertos-45x33cm-trident-map%252da3%7b47%7d4\/","name":"Mapoteca - arquivo m\u00f3vel semi-abertos 45x33cm Trident MAP-A3\/4 - Loja Opening","isPartOf":{"@id":"https:\/\/lojaopening.com.br\/shopp\/#website"},"primaryImageOfPage":{"@id":"https:\/\/lojaopening.com.br\/shopp\/produto\/mapoteca-%252d-arquivo-m%f3vel-semi%252dabertos-45x33cm-trident-map%252da3%7b47%7d4\/#primaryimage"},"image":{"@id":"https:\/\/lojaopening.com.br\/shopp\/produto\/mapoteca-%252d-arquivo-m%f3vel-semi%252dabertos-45x33cm-trident-map%252da3%7b47%7d4\/#primaryimage"},"thumbnailUrl":"https:\/\/lojaopening.com.br\/wp-content\/uploads\/2022\/07\/Mapoteca-252d-arquivo-mF3vel-semi252dabertos-45x33cm-Trident-MAP252dA37B477D4.jpg","datePublished":"2022-07-13T17:55:29+00:00","dateModified":"2023-05-27T19:21:16+00:00","breadcrumb":{"@id":"https:\/\/lojaopening.com.br\/shopp\/produto\/mapoteca-%252d-arquivo-m%f3vel-semi%252dabertos-45x33cm-trident-map%252da3%7b47%7d4\/#breadcrumb"},"inLanguage":"pt-PT","potentialAction":[{"@type":"ReadAction","target":["https:\/\/lojaopening.com.br\/shopp\/produto\/mapoteca-%252d-arquivo-m%f3vel-semi%252dabertos-45x33cm-trident-map%252da3%7b47%7d4\/"]}]},{"@type":"ImageObject","inLanguage":"pt-PT","@id":"https:\/\/lojaopening.com.br\/shopp\/produto\/mapoteca-%252d-arquivo-m%f3vel-semi%252dabertos-45x33cm-trident-map%252da3%7b47%7d4\/#primaryimage","url":"https:\/\/lojaopening.com.br\/wp-content\/uploads\/2022\/07\/Mapoteca-252d-arquivo-mF3vel-semi252dabertos-45x33cm-Trident-MAP252dA37B477D4.jpg","contentUrl":"https:\/\/lojaopening.com.br\/wp-content\/uploads\/2022\/07\/Mapoteca-252d-arquivo-mF3vel-semi252dabertos-45x33cm-Trident-MAP252dA37B477D4.jpg","width":237,"height":177},{"@type":"BreadcrumbList","@id":"https:\/\/lojaopening.com.br\/shopp\/produto\/mapoteca-%252d-arquivo-m%f3vel-semi%252dabertos-45x33cm-trident-map%252da3%7b47%7d4\/#breadcrumb","itemListElement":[{"@type":"ListItem","position":1,"name":"In\u00edcio","item":"https:\/\/lojaopening.com.br\/shopp\/"},{"@type":"ListItem","position":2,"name":"Shop","item":"https:\/\/lojaopening.com.br\/shopp\/shopp\/"},{"@type":"ListItem","position":3,"name":"Mapoteca &#8211; arquivo m\u00f3vel semi-abertos 45x33cm Trident MAP-A3\/4"}]},{"@type":"WebSite","@id":"https:\/\/lojaopening.com.br\/shopp\/#website","url":"https:\/\/lojaopening.com.br\/shopp\/","name":"Loja Opening","description":"","publisher":{"@id":"https:\/\/lojaopening.com.br\/shopp\/#organization"},"potentialAction":[{"@type":"SearchAction","target":{"@type":"EntryPoint","urlTemplate":"https:\/\/lojaopening.com.br\/shopp\/?s={search_term_string}"},"query-input":{"@type":"PropertyValueSpecification","valueRequired":true,"valueName":"search_term_string"}}],"inLanguage":"pt-PT"},{"@type":"Organization","@id":"https:\/\/lojaopening.com.br\/shopp\/#organization","name":"Opening World Coml Import Export Ltda","url":"https:\/\/lojaopening.com.br\/shopp\/","logo":{"@type":"ImageObject","inLanguage":"pt-PT","@id":"https:\/\/lojaopening.com.br\/shopp\/#\/schema\/logo\/image\/","url":"https:\/\/lojaopening.com.br\/wp-content\/uploads\/2020\/09\/logo_header.png","contentUrl":"https:\/\/lojaopening.com.br\/wp-content\/uploads\/2020\/09\/logo_header.png","width":1279,"height":328,"caption":"Opening World Coml Import Export Ltda"},"image":{"@id":"https:\/\/lojaopening.com.br\/shopp\/#\/schema\/logo\/image\/"}}]}},"_links":{"self":[{"href":"https:\/\/lojaopening.com.br\/shopp\/wp-json\/wp\/v2\/product\/939","targetHints":{"allow":["GET"]}}],"collection":[{"href":"https:\/\/lojaopening.com.br\/shopp\/wp-json\/wp\/v2\/product"}],"about":[{"href":"https:\/\/lojaopening.com.br\/shopp\/wp-json\/wp\/v2\/types\/product"}],"wp:featuredmedia":[{"embeddable":true,"href":"https:\/\/lojaopening.com.br\/shopp\/wp-json\/wp\/v2\/media\/940"}],"wp:attachment":[{"href":"https:\/\/lojaopening.com.br\/shopp\/wp-json\/wp\/v2\/media?parent=939"}],"wp:term":[{"taxonomy":"product_brand","embeddable":true,"href":"https:\/\/lojaopening.com.br\/shopp\/wp-json\/wp\/v2\/product_brand?post=939"},{"taxonomy":"product_cat","embeddable":true,"href":"https:\/\/lojaopening.com.br\/shopp\/wp-json\/wp\/v2\/product_cat?post=939"},{"taxonomy":"product_tag","embeddable":true,"href":"https:\/\/lojaopening.com.br\/shopp\/wp-json\/wp\/v2\/product_tag?post=939"}],"curies":[{"name":"wp","href":"https:\/\/api.w.org\/{rel}","templated":true}]}}